{"id":837,"date":"2025-02-10T15:27:24","date_gmt":"2025-02-10T14:27:24","guid":{"rendered":"https:\/\/cbf.cgt.fr\/formsynd\/?post_type=tribe_events&#038;p=837"},"modified":"2025-02-10T15:27:24","modified_gmt":"2025-02-10T14:27:24","slug":"n0285-2025-sensibilisation-aux-archives","status":"publish","type":"tribe_events","link":"https:\/\/formationsyndicale.cgt.fr\/?tribe_events=n0285-2025-sensibilisation-aux-archives","title":{"rendered":"N\u00b00285\/2025 &#8211; Sensibilisation aux archives"},"content":{"rendered":"<h4><span style=\"color: #003366;\">Public cible<\/span><\/h4>\n<h5><span style=\"color: #003366;\">Syndiqu\u00e9(e)s, militant(e)s travaillant au sein du r\u00e9seau des Instituts d\u2019histoire sociale et aux syndiqu\u00e9(e)s, militant(e)s qui sont ou seront amen\u00e9(e)s \u00e0 prendre en charge les questions d\u2019archivage au sein de leur structure.<\/span><\/h5>\n<hr \/>\n<h5><\/h5>\n","protected":false},"excerpt":{"rendered":"<p>Public cible Syndiqu\u00e9(e)s, militant(e)s travaillant au sein du r\u00e9seau des Instituts d\u2019histoire sociale et aux syndiqu\u00e9(e)s, militant(e)s qui sont ou seront amen\u00e9(e)s \u00e0 prendre en charge les questions d\u2019archivage au&hellip;&nbsp;<a href=\"https:\/\/formationsyndicale.cgt.fr\/?tribe_events=n0285-2025-sensibilisation-aux-archives\" rel=\"bookmark\"><span class=\"screen-reader-text\">N\u00b00285\/2025 &#8211; Sensibilisation aux archives<\/span><\/a><\/p>\n","protected":false},"author":3,"featured_media":0,"template":"","meta":{"neve_meta_sidebar":"","neve_meta_container":"","neve_meta_enable_content_width":"","neve_meta_content_width":0,"neve_meta_title_alignment":"","neve_meta_author_avatar":"","neve_post_elements_order":"","neve_meta_disable_header":"","neve_meta_disable_footer":"","neve_meta_disable_title":"","_tribe_events_status":"","_tribe_events_status_reason":"","footnotes":""},"tags":[],"tribe_events_cat":[],"class_list":["post-837","tribe_events","type-tribe_events","status-publish","hentry"],"_links":{"self":[{"href":"https:\/\/formationsyndicale.cgt.fr\/index.php?rest_route=\/wp\/v2\/tribe_events\/837","targetHints":{"allow":["GET"]}}],"collection":[{"href":"https:\/\/formationsyndicale.cgt.fr\/index.php?rest_route=\/wp\/v2\/tribe_events"}],"about":[{"href":"https:\/\/formationsyndicale.cgt.fr\/index.php?rest_route=\/wp\/v2\/types\/tribe_events"}],"author":[{"embeddable":true,"href":"https:\/\/formationsyndicale.cgt.fr\/index.php?rest_route=\/wp\/v2\/users\/3"}],"version-history":[{"count":1,"href":"https:\/\/formationsyndicale.cgt.fr\/index.php?rest_route=\/wp\/v2\/tribe_events\/837\/revisions"}],"predecessor-version":[{"id":839,"href":"https:\/\/formationsyndicale.cgt.fr\/index.php?rest_route=\/wp\/v2\/tribe_events\/837\/revisions\/839"}],"wp:attachment":[{"href":"https:\/\/formationsyndicale.cgt.fr\/index.php?rest_route=%2Fwp%2Fv2%2Fmedia&parent=837"}],"wp:term":[{"taxonomy":"post_tag","embeddable":true,"href":"https:\/\/formationsyndicale.cgt.fr\/index.php?rest_route=%2Fwp%2Fv2%2Ftags&post=837"},{"taxonomy":"tribe_events_cat","embeddable":true,"href":"https:\/\/formationsyndicale.cgt.fr\/index.php?rest_route=%2Fwp%2Fv2%2Ftribe_events_cat&post=837"}],"curies":[{"name":"wp","href":"https:\/\/api.w.org\/{rel}","templated":true}]}}

<h4><span style="color: #003366;">Public cible</span></h4>
<h5><span style="color: #003366;">Syndiqué(e)s, militant(e)s travaillant au sein du réseau des Instituts d’histoire sociale et aux syndiqué(e)s, militant(e)s qui sont ou seront amené(e)s à prendre en charge les questions d’archivage au sein de leur structure.</span></h5>
<hr />
<h5></h5>

<p>Public cible Syndiqué(e)s, militant(e)s travaillant au sein du réseau des Instituts d’histoire sociale et aux syndiqué(e)s, militant(e)s qui sont ou seront amené(e)s à prendre en charge les questions d’archivage au&hellip;&nbsp;<a href="https://formationsyndicale.cgt.fr/?tribe_events=n0285-2025-sensibilisation-aux-archives" rel="bookmark"><span class="screen-reader-text">N°0285/2025 &#8211; Sensibilisation aux archives</span></a></p>
