{"id":826,"date":"2025-02-10T15:01:08","date_gmt":"2025-02-10T14:01:08","guid":{"rendered":"https:\/\/cbf.cgt.fr\/formsynd\/?post_type=tribe_events&#038;p=826"},"modified":"2025-02-10T15:01:08","modified_gmt":"2025-02-10T14:01:08","slug":"n0293-2025-lecture-politique-des-comptes-des-firmes-multinationales","status":"publish","type":"tribe_events","link":"https:\/\/formationsyndicale.cgt.fr\/?tribe_events=n0293-2025-lecture-politique-des-comptes-des-firmes-multinationales","title":{"rendered":"N\u00b00293\/2025 &#8211; Lecture politique des comptes des firmes multinationales"},"content":{"rendered":"<h4><span style=\"color: #003366;\">Public concern\u00e9<\/span><\/h4>\n<h5><span style=\"color: #003366;\">Le stage s\u2019adresse tout particuli\u00e8rement aux membres des Comit\u00e9s d\u2019Entreprise Europ\u00e9ens, des Comit\u00e9s<\/span><br \/>\n<span style=\"color: #003366;\">de groupe et des CSE centraux, ainsi qu\u2019aux administrateurs repr\u00e9sentant des salari\u00e9s si\u00e9geant au sein<\/span><br \/>\n<span style=\"color: #003366;\">des Conseils d\u2019administration d\u2019entreprises multinationales.<\/span><\/h5>\n<hr \/>\n<h4><span style=\"color: #003366;\">Objectifs de la formation<\/span><\/h4>\n<h5><span style=\"color: #003366;\">Construire des rep\u00e8res syndicaux pour une lecture politique des comptes<\/span><br \/>\n<span style=\"color: #003366;\">Comprendre la globalisation financi\u00e8re en partant de l\u2019analyse de l\u2019entreprise et plus sp\u00e9cifiquement des<\/span><br \/>\n<span style=\"color: #003366;\">donn\u00e9es comptables consolid\u00e9es des groupes d\u2019entreprises multinationaux.<\/span><br \/>\n<span style=\"color: #003366;\">D\u00e9velopper la r\u00e9flexion sur les outils d\u2019action pour construire la solidarit\u00e9 internationale.<\/span><\/h5>\n<hr \/>\n<p>&nbsp;<\/p>\n","protected":false},"excerpt":{"rendered":"<p>Public concern\u00e9 Le stage s\u2019adresse tout particuli\u00e8rement aux membres des Comit\u00e9s d\u2019Entreprise Europ\u00e9ens, des Comit\u00e9s de groupe et des CSE centraux, ainsi qu\u2019aux administrateurs repr\u00e9sentant des salari\u00e9s si\u00e9geant au sein&hellip;&nbsp;<a href=\"https:\/\/formationsyndicale.cgt.fr\/?tribe_events=n0293-2025-lecture-politique-des-comptes-des-firmes-multinationales\" rel=\"bookmark\"><span class=\"screen-reader-text\">N\u00b00293\/2025 &#8211; Lecture politique des comptes des firmes multinationales<\/span><\/a><\/p>\n","protected":false},"author":3,"featured_media":0,"template":"","meta":{"neve_meta_sidebar":"","neve_meta_container":"","neve_meta_enable_content_width":"","neve_meta_content_width":0,"neve_meta_title_alignment":"","neve_meta_author_avatar":"","neve_post_elements_order":"","neve_meta_disable_header":"","neve_meta_disable_footer":"","neve_meta_disable_title":"","_tribe_events_status":"","_tribe_events_status_reason":"","footnotes":""},"tags":[],"tribe_events_cat":[40],"class_list":["post-826","tribe_events","type-tribe_events","status-publish","hentry","tribe_events_cat-outiller-responsabilite","cat_outiller-responsabilite"],"_links":{"self":[{"href":"https:\/\/formationsyndicale.cgt.fr\/index.php?rest_route=\/wp\/v2\/tribe_events\/826","targetHints":{"allow":["GET"]}}],"collection":[{"href":"https:\/\/formationsyndicale.cgt.fr\/index.php?rest_route=\/wp\/v2\/tribe_events"}],"about":[{"href":"https:\/\/formationsyndicale.cgt.fr\/index.php?rest_route=\/wp\/v2\/types\/tribe_events"}],"author":[{"embeddable":true,"href":"https:\/\/formationsyndicale.cgt.fr\/index.php?rest_route=\/wp\/v2\/users\/3"}],"version-history":[{"count":1,"href":"https:\/\/formationsyndicale.cgt.fr\/index.php?rest_route=\/wp\/v2\/tribe_events\/826\/revisions"}],"predecessor-version":[{"id":827,"href":"https:\/\/formationsyndicale.cgt.fr\/index.php?rest_route=\/wp\/v2\/tribe_events\/826\/revisions\/827"}],"wp:attachment":[{"href":"https:\/\/formationsyndicale.cgt.fr\/index.php?rest_route=%2Fwp%2Fv2%2Fmedia&parent=826"}],"wp:term":[{"taxonomy":"post_tag","embeddable":true,"href":"https:\/\/formationsyndicale.cgt.fr\/index.php?rest_route=%2Fwp%2Fv2%2Ftags&post=826"},{"taxonomy":"tribe_events_cat","embeddable":true,"href":"https:\/\/formationsyndicale.cgt.fr\/index.php?rest_route=%2Fwp%2Fv2%2Ftribe_events_cat&post=826"}],"curies":[{"name":"wp","href":"https:\/\/api.w.org\/{rel}","templated":true}]}}

<h4><span style="color: #003366;">Public concerné</span></h4>
<h5><span style="color: #003366;">Le stage s’adresse tout particulièrement aux membres des Comités d’Entreprise Européens, des Comités</span><br />
<span style="color: #003366;">de groupe et des CSE centraux, ainsi qu’aux administrateurs représentant des salariés siégeant au sein</span><br />
<span style="color: #003366;">des Conseils d’administration d’entreprises multinationales.</span></h5>
<hr />
<h4><span style="color: #003366;">Objectifs de la formation</span></h4>
<h5><span style="color: #003366;">Construire des repères syndicaux pour une lecture politique des comptes</span><br />
<span style="color: #003366;">Comprendre la globalisation financière en partant de l’analyse de l’entreprise et plus spécifiquement des</span><br />
<span style="color: #003366;">données comptables consolidées des groupes d’entreprises multinationaux.</span><br />
<span style="color: #003366;">Développer la réflexion sur les outils d’action pour construire la solidarité internationale.</span></h5>
<hr />
<p>&nbsp;</p>

<p>Public concerné Le stage s’adresse tout particulièrement aux membres des Comités d’Entreprise Européens, des Comités de groupe et des CSE centraux, ainsi qu’aux administrateurs représentant des salariés siégeant au sein&hellip;&nbsp;<a href="https://formationsyndicale.cgt.fr/?tribe_events=n0293-2025-lecture-politique-des-comptes-des-firmes-multinationales" rel="bookmark"><span class="screen-reader-text">N°0293/2025 &#8211; Lecture politique des comptes des firmes multinationales</span></a></p>
