{"id":716,"date":"2024-12-20T13:39:50","date_gmt":"2024-12-20T12:39:50","guid":{"rendered":"https:\/\/cbf.cgt.fr\/formsynd\/?post_type=tribe_events&#038;p=716"},"modified":"2025-09-05T10:12:16","modified_gmt":"2025-09-05T08:12:16","slug":"n0205-2025-prospectives-et-territoires-session-1-3","status":"publish","type":"tribe_events","link":"https:\/\/formationsyndicale.cgt.fr\/?tribe_events=n0205-2025-prospectives-et-territoires-session-1-3","title":{"rendered":"N\u00b00205\/2025 &#8211; Prospectives et territoires &#8211; Session 1\/3"},"content":{"rendered":"<h4><span style=\"color: #003366;\">Population syndicale concern\u00e9e :<\/span><\/h4>\n<h5><span style=\"color: #003366;\">Cette formation s&rsquo;adresse \u00e0 des porteurs de projets syndicaux revendicatifs en territoires et\/ou de professions, des responsables de syndicats, aux militants et dirigeants d&rsquo;unions locales, d\u2019unions d\u00e9partementales, de comit\u00e9s r\u00e9gionaux, de f\u00e9d\u00e9rations, de la conf\u00e9d\u00e9ration, aux mandat\u00e9s et\u00a0aux conseill\u00e8res et conseillers conf\u00e9d\u00e9raux.<\/span><\/h5>\n<h4><span style=\"color: #003366;\">Les objectifs de formation :<\/span><\/h4>\n<h4><span style=\"color: #003366;\">Cette formation est une formation \u2013 action. Elle vise \u00e0 \u00eatre acteur et \u00e0 outiller \u00e0 la responsabilit\u00e9. \u00c0 la fin de la formation les stagiaires seront en capacit\u00e9 de ma\u00eetriser les enjeux et les \u00e9volutions territoriales, du local \u00e0 l\u2019Europe, pour leurs activit\u00e9s professionnelles et interprofessionnelles, participer \u00e0 la construction et au portage collectif de projets en territoires.<\/span><\/h4>\n<hr \/>\n<h5><a href=\"https:\/\/formationsyndicale.cgt.fr\/wp-content\/uploads\/2024\/12\/FD-prospective-et-territoires-oct-2025.docx\">FD prospective et territoires oct 2025<\/a><\/h5>\n<h5><a href=\"https:\/\/formationsyndicale.cgt.fr\/wp-content\/uploads\/2024\/12\/FC-Prospective-et-territoires-oct-2025.docx\">FC Prospective et territoires oct 2025<\/a><\/h5>\n","protected":false},"excerpt":{"rendered":"<p>Population syndicale concern\u00e9e : Cette formation s&rsquo;adresse \u00e0 des porteurs de projets syndicaux revendicatifs en territoires et\/ou de professions, des responsables de syndicats, aux militants et dirigeants d&rsquo;unions locales, d\u2019unions&hellip;&nbsp;<a href=\"https:\/\/formationsyndicale.cgt.fr\/?tribe_events=n0205-2025-prospectives-et-territoires-session-1-3\" rel=\"bookmark\"><span class=\"screen-reader-text\">N\u00b00205\/2025 &#8211; Prospectives et territoires &#8211; Session 1\/3<\/span><\/a><\/p>\n","protected":false},"author":3,"featured_media":0,"template":"","meta":{"neve_meta_sidebar":"","neve_meta_container":"","neve_meta_enable_content_width":"","neve_meta_content_width":0,"neve_meta_title_alignment":"","neve_meta_author_avatar":"","neve_post_elements_order":"","neve_meta_disable_header":"","neve_meta_disable_footer":"","neve_meta_disable_title":"","_tribe_events_status":"","_tribe_events_status_reason":"","footnotes":""},"tags":[],"tribe_events_cat":[],"class_list":["post-716","tribe_events","type-tribe_events","status-publish","hentry"],"_links":{"self":[{"href":"https:\/\/formationsyndicale.cgt.fr\/index.php?rest_route=\/wp\/v2\/tribe_events\/716","targetHints":{"allow":["GET"]}}],"collection":[{"href":"https:\/\/formationsyndicale.cgt.fr\/index.php?rest_route=\/wp\/v2\/tribe_events"}],"about":[{"href":"https:\/\/formationsyndicale.cgt.fr\/index.php?rest_route=\/wp\/v2\/types\/tribe_events"}],"author":[{"embeddable":true,"href":"https:\/\/formationsyndicale.cgt.fr\/index.php?rest_route=\/wp\/v2\/users\/3"}],"version-history":[{"count":4,"href":"https:\/\/formationsyndicale.cgt.fr\/index.php?rest_route=\/wp\/v2\/tribe_events\/716\/revisions"}],"predecessor-version":[{"id":1178,"href":"https:\/\/formationsyndicale.cgt.fr\/index.php?rest_route=\/wp\/v2\/tribe_events\/716\/revisions\/1178"}],"wp:attachment":[{"href":"https:\/\/formationsyndicale.cgt.fr\/index.php?rest_route=%2Fwp%2Fv2%2Fmedia&parent=716"}],"wp:term":[{"taxonomy":"post_tag","embeddable":true,"href":"https:\/\/formationsyndicale.cgt.fr\/index.php?rest_route=%2Fwp%2Fv2%2Ftags&post=716"},{"taxonomy":"tribe_events_cat","embeddable":true,"href":"https:\/\/formationsyndicale.cgt.fr\/index.php?rest_route=%2Fwp%2Fv2%2Ftribe_events_cat&post=716"}],"curies":[{"name":"wp","href":"https:\/\/api.w.org\/{rel}","templated":true}]}}

<h4><span style="color: #003366;">Population syndicale concernée :</span></h4>
<h5><span style="color: #003366;">Cette formation s&rsquo;adresse à des porteurs de projets syndicaux revendicatifs en territoires et/ou de professions, des responsables de syndicats, aux militants et dirigeants d&rsquo;unions locales, d’unions départementales, de comités régionaux, de fédérations, de la confédération, aux mandatés et aux conseillères et conseillers confédéraux.</span></h5>
<h4><span style="color: #003366;">Les objectifs de formation :</span></h4>
<h4><span style="color: #003366;">Cette formation est une formation – action. Elle vise à être acteur et à outiller à la responsabilité. À la fin de la formation les stagiaires seront en capacité de maîtriser les enjeux et les évolutions territoriales, du local à l’Europe, pour leurs activités professionnelles et interprofessionnelles, participer à la construction et au portage collectif de projets en territoires.</span></h4>
<hr />
<h5><a href="https://formationsyndicale.cgt.fr/wp-content/uploads/2024/12/FD-prospective-et-territoires-oct-2025.docx">FD prospective et territoires oct 2025</a></h5>
<h5><a href="https://formationsyndicale.cgt.fr/wp-content/uploads/2024/12/FC-Prospective-et-territoires-oct-2025.docx">FC Prospective et territoires oct 2025</a></h5>

<p>Population syndicale concernée : Cette formation s&rsquo;adresse à des porteurs de projets syndicaux revendicatifs en territoires et/ou de professions, des responsables de syndicats, aux militants et dirigeants d&rsquo;unions locales, d’unions&hellip;&nbsp;<a href="https://formationsyndicale.cgt.fr/?tribe_events=n0205-2025-prospectives-et-territoires-session-1-3" rel="bookmark"><span class="screen-reader-text">N°0205/2025 &#8211; Prospectives et territoires &#8211; Session 1/3</span></a></p>
