{"id":711,"date":"2024-12-20T12:02:07","date_gmt":"2024-12-20T11:02:07","guid":{"rendered":"https:\/\/cbf.cgt.fr\/formsynd\/?post_type=tribe_events&#038;p=711"},"modified":"2025-06-25T09:48:37","modified_gmt":"2025-06-25T07:48:37","slug":"n0203-2025-theme-a-definir-sur-territoires","status":"publish","type":"tribe_events","link":"https:\/\/formationsyndicale.cgt.fr\/?tribe_events=n0203-2025-theme-a-definir-sur-territoires","title":{"rendered":"N\u00b00203\/2025 &#8211; Diff\u00e9renciation territoriale et service public"},"content":{"rendered":"<h4><span style=\"color: #003366;\">Public<br \/>\n<\/span><\/h4>\n<h5><span style=\"color: #003366;\">Cette session de formation syndicale CGT s\u2019adresse en particulier aux dirigeant-e-s et militant-e-s des organisations territoriales et professionnelles, de la conf\u00e9d\u00e9ration ainsi qu\u2019aux mandat\u00e9-e-s dans des instances territoriales telles que les CESER, Commissions Paritaires, conseils de d\u00e9veloppement, organismes de l\u2019habitat et du logement &#8230; et aux repr\u00e9sentants syndicaux dans les Commissions d\u2019information et aide au logement des CSE.<\/span><\/h5>\n<hr \/>\n<h4><span style=\"color: #003366;\"><strong>Objectifs<\/strong><\/span><\/h4>\n<h5><span style=\"color: #003366;\">Le premier objectif du stage est de saisir les opportunit\u00e9s mais avant tout les risques que pr\u00e9sentent les politiques de diff\u00e9renciation des territoires. Notamment les risques d\u2019accroissement des in\u00e9galit\u00e9s, de mise en concurrence des territoires et de fragmentation des droits d\u2019acc\u00e8s, notamment aux services publics.<\/span><\/h5>\n<h5><span style=\"color: #003366;\">Le deuxi\u00e8me objectif est de permettre aux participants de saisir pleinement les enjeux des services publics. Enjeux saisis justement dans la tension entre opportunit\u00e9s et risques de la diff\u00e9renciation territoriale.\u00a0<\/span><\/h5>\n<h5><span style=\"color: #003366;\">Le stage vise \u00e9galement \u00e0 permettre aux participants d\u2019initier une r\u00e9flexion sur le service publique dans la soci\u00e9t\u00e9 num\u00e9rique et, l\u00e0 aussi, sur les risques et les opportunit\u00e9s pour les territoires.\u00a0<\/span><\/h5>\n<h5><span style=\"color: #003366;\">Le quatri\u00e8me et dernier objectif est plus ambitieux\u00a0: solliciter une r\u00e9flexion syndicale sur le comment agir afin de garantir l\u2019<strong>\u00e9quilibre entre adaptation \u00e0 la sp\u00e9cificit\u00e9 locale et \u00e9galit\u00e9 nationale<\/strong><strong>.<\/strong><\/span><\/h5>\n<hr \/>\n<h5><a href=\"https:\/\/formationsyndicale.cgt.fr\/wp-content\/uploads\/2024\/12\/FD-TERRITOIRE-juillet-2025.docx\">FD TERRITOIRE juillet 2025<\/a><\/h5>\n<h5><a href=\"https:\/\/formationsyndicale.cgt.fr\/wp-content\/uploads\/2024\/12\/FC-Differenciation-territoriale-et-services-publics-juillet-2025.docx\">FC Diff\u00e9renciation territoriale et services publics juillet 2025<\/a><\/h5>\n","protected":false},"excerpt":{"rendered":"<p>Public Cette session de formation syndicale CGT s\u2019adresse en particulier aux dirigeant-e-s et militant-e-s des organisations territoriales et professionnelles, de la conf\u00e9d\u00e9ration ainsi qu\u2019aux mandat\u00e9-e-s dans des instances territoriales telles&hellip;&nbsp;<a href=\"https:\/\/formationsyndicale.cgt.fr\/?tribe_events=n0203-2025-theme-a-definir-sur-territoires\" rel=\"bookmark\"><span class=\"screen-reader-text\">N\u00b00203\/2025 &#8211; Diff\u00e9renciation territoriale et service public<\/span><\/a><\/p>\n","protected":false},"author":3,"featured_media":0,"template":"","meta":{"neve_meta_sidebar":"","neve_meta_container":"","neve_meta_enable_content_width":"","neve_meta_content_width":0,"neve_meta_title_alignment":"","neve_meta_author_avatar":"","neve_post_elements_order":"","neve_meta_disable_header":"","neve_meta_disable_footer":"","neve_meta_disable_title":"","_tribe_events_status":"","_tribe_events_status_reason":"","footnotes":""},"tags":[],"tribe_events_cat":[],"class_list":["post-711","tribe_events","type-tribe_events","status-publish","hentry"],"_links":{"self":[{"href":"https:\/\/formationsyndicale.cgt.fr\/index.php?rest_route=\/wp\/v2\/tribe_events\/711","targetHints":{"allow":["GET"]}}],"collection":[{"href":"https:\/\/formationsyndicale.cgt.fr\/index.php?rest_route=\/wp\/v2\/tribe_events"}],"about":[{"href":"https:\/\/formationsyndicale.cgt.fr\/index.php?rest_route=\/wp\/v2\/types\/tribe_events"}],"author":[{"embeddable":true,"href":"https:\/\/formationsyndicale.cgt.fr\/index.php?rest_route=\/wp\/v2\/users\/3"}],"version-history":[{"count":3,"href":"https:\/\/formationsyndicale.cgt.fr\/index.php?rest_route=\/wp\/v2\/tribe_events\/711\/revisions"}],"predecessor-version":[{"id":1118,"href":"https:\/\/formationsyndicale.cgt.fr\/index.php?rest_route=\/wp\/v2\/tribe_events\/711\/revisions\/1118"}],"wp:attachment":[{"href":"https:\/\/formationsyndicale.cgt.fr\/index.php?rest_route=%2Fwp%2Fv2%2Fmedia&parent=711"}],"wp:term":[{"taxonomy":"post_tag","embeddable":true,"href":"https:\/\/formationsyndicale.cgt.fr\/index.php?rest_route=%2Fwp%2Fv2%2Ftags&post=711"},{"taxonomy":"tribe_events_cat","embeddable":true,"href":"https:\/\/formationsyndicale.cgt.fr\/index.php?rest_route=%2Fwp%2Fv2%2Ftribe_events_cat&post=711"}],"curies":[{"name":"wp","href":"https:\/\/api.w.org\/{rel}","templated":true}]}}

N°0203/2025 &#8211; Différenciation territoriale et service public

<h4><span style="color: #003366;">Public<br />
</span></h4>
<h5><span style="color: #003366;">Cette session de formation syndicale CGT s’adresse en particulier aux dirigeant-e-s et militant-e-s des organisations territoriales et professionnelles, de la confédération ainsi qu’aux mandaté-e-s dans des instances territoriales telles que les CESER, Commissions Paritaires, conseils de développement, organismes de l’habitat et du logement &#8230; et aux représentants syndicaux dans les Commissions d’information et aide au logement des CSE.</span></h5>
<hr />
<h4><span style="color: #003366;"><strong>Objectifs</strong></span></h4>
<h5><span style="color: #003366;">Le premier objectif du stage est de saisir les opportunités mais avant tout les risques que présentent les politiques de différenciation des territoires. Notamment les risques d’accroissement des inégalités, de mise en concurrence des territoires et de fragmentation des droits d’accès, notamment aux services publics.</span></h5>
<h5><span style="color: #003366;">Le deuxième objectif est de permettre aux participants de saisir pleinement les enjeux des services publics. Enjeux saisis justement dans la tension entre opportunités et risques de la différenciation territoriale. </span></h5>
<h5><span style="color: #003366;">Le stage vise également à permettre aux participants d’initier une réflexion sur le service publique dans la société numérique et, là aussi, sur les risques et les opportunités pour les territoires. </span></h5>
<h5><span style="color: #003366;">Le quatrième et dernier objectif est plus ambitieux : solliciter une réflexion syndicale sur le comment agir afin de garantir l’<strong>équilibre entre adaptation à la spécificité locale et égalité nationale</strong><strong>.</strong></span></h5>
<hr />
<h5><a href="https://formationsyndicale.cgt.fr/wp-content/uploads/2024/12/FD-TERRITOIRE-juillet-2025.docx">FD TERRITOIRE juillet 2025</a></h5>
<h5><a href="https://formationsyndicale.cgt.fr/wp-content/uploads/2024/12/FC-Differenciation-territoriale-et-services-publics-juillet-2025.docx">FC Différenciation territoriale et services publics juillet 2025</a></h5>

<p>Public Cette session de formation syndicale CGT s’adresse en particulier aux dirigeant-e-s et militant-e-s des organisations territoriales et professionnelles, de la confédération ainsi qu’aux mandaté-e-s dans des instances territoriales telles&hellip;&nbsp;<a href="https://formationsyndicale.cgt.fr/?tribe_events=n0203-2025-theme-a-definir-sur-territoires" rel="bookmark"><span class="screen-reader-text">N°0203/2025 &#8211; Différenciation territoriale et service public</span></a></p>
