{"id":656,"date":"2024-12-11T10:17:57","date_gmt":"2024-12-11T09:17:57","guid":{"rendered":"https:\/\/cbf.cgt.fr\/formsynd\/?post_type=tribe_events&#038;p=656"},"modified":"2024-12-11T10:24:15","modified_gmt":"2024-12-11T09:24:15","slug":"n0282-2025-presentation-dindecosa","status":"publish","type":"tribe_events","link":"https:\/\/formationsyndicale.cgt.fr\/?tribe_events=n0282-2025-presentation-dindecosa","title":{"rendered":"N\u00b00282\/2025 &#8211; Pr\u00e9sentation d&rsquo;Indecosa"},"content":{"rendered":"<h4><span style=\"color: #003366;\">Population syndicale concern\u00e9e :<\/span><\/h4>\n<h5><span style=\"color: #003366;\">La formation est adress\u00e9e prioritairement \u00e0 l&rsquo;ensemble des militant\u00b7e\u00b7s d&rsquo;Indecosa-CGT en responsabilit\u00e9 dans les associations territoires ou portant un mandat Indecosa-CGT dans une instance. Elle est obligatoire pour y tenir un mandat ou une fonction de responsabilit\u00e9.<\/span><\/h5>\n<hr \/>\n<h4><span style=\"color: #003366;\">L&rsquo;objectif de la formation :<\/span><\/h4>\n<h5><span style=\"color: #003366;\">Conna\u00eetre les fondements, les actions et le contexte ainsi que le mode d&rsquo;organisation d&rsquo;Indecosa-CGT en France, aujourd&rsquo;hui.<\/span><\/h5>\n<hr \/>\n<p><a href=\"https:\/\/formationsyndicale.cgt.fr\/wp-content\/uploads\/2024\/12\/FD-Presentation-dINDECOSA-Octobre-2025.pdf\">FD Pr\u00e9sentation d&rsquo;INDECOSA &#8211; Octobre 2025<\/a><\/p>\n<p><a href=\"https:\/\/formationsyndicale.cgt.fr\/wp-content\/uploads\/2024\/12\/FC-Presentation-Indecosa-octobre-2025.docx\">FC Pr\u00e9sentation Indecosa octobre 2025<\/a><\/p>\n","protected":false},"excerpt":{"rendered":"<p>Population syndicale concern\u00e9e : La formation est adress\u00e9e prioritairement \u00e0 l&rsquo;ensemble des militant\u00b7e\u00b7s d&rsquo;Indecosa-CGT en responsabilit\u00e9 dans les associations territoires ou portant un mandat Indecosa-CGT dans une instance. Elle est&hellip;&nbsp;<a href=\"https:\/\/formationsyndicale.cgt.fr\/?tribe_events=n0282-2025-presentation-dindecosa\" rel=\"bookmark\"><span class=\"screen-reader-text\">N\u00b00282\/2025 &#8211; Pr\u00e9sentation d&rsquo;Indecosa<\/span><\/a><\/p>\n","protected":false},"author":3,"featured_media":0,"template":"","meta":{"neve_meta_sidebar":"","neve_meta_container":"","neve_meta_enable_content_width":"","neve_meta_content_width":0,"neve_meta_title_alignment":"","neve_meta_author_avatar":"","neve_post_elements_order":"","neve_meta_disable_header":"","neve_meta_disable_footer":"","neve_meta_disable_title":"","_tribe_events_status":"","_tribe_events_status_reason":"","footnotes":""},"tags":[],"tribe_events_cat":[38],"class_list":["post-656","tribe_events","type-tribe_events","status-publish","hentry","tribe_events_cat-etre-acteur","cat_etre-acteur"],"_links":{"self":[{"href":"https:\/\/formationsyndicale.cgt.fr\/index.php?rest_route=\/wp\/v2\/tribe_events\/656","targetHints":{"allow":["GET"]}}],"collection":[{"href":"https:\/\/formationsyndicale.cgt.fr\/index.php?rest_route=\/wp\/v2\/tribe_events"}],"about":[{"href":"https:\/\/formationsyndicale.cgt.fr\/index.php?rest_route=\/wp\/v2\/types\/tribe_events"}],"author":[{"embeddable":true,"href":"https:\/\/formationsyndicale.cgt.fr\/index.php?rest_route=\/wp\/v2\/users\/3"}],"version-history":[{"count":3,"href":"https:\/\/formationsyndicale.cgt.fr\/index.php?rest_route=\/wp\/v2\/tribe_events\/656\/revisions"}],"predecessor-version":[{"id":661,"href":"https:\/\/formationsyndicale.cgt.fr\/index.php?rest_route=\/wp\/v2\/tribe_events\/656\/revisions\/661"}],"wp:attachment":[{"href":"https:\/\/formationsyndicale.cgt.fr\/index.php?rest_route=%2Fwp%2Fv2%2Fmedia&parent=656"}],"wp:term":[{"taxonomy":"post_tag","embeddable":true,"href":"https:\/\/formationsyndicale.cgt.fr\/index.php?rest_route=%2Fwp%2Fv2%2Ftags&post=656"},{"taxonomy":"tribe_events_cat","embeddable":true,"href":"https:\/\/formationsyndicale.cgt.fr\/index.php?rest_route=%2Fwp%2Fv2%2Ftribe_events_cat&post=656"}],"curies":[{"name":"wp","href":"https:\/\/api.w.org\/{rel}","templated":true}]}}

N°0282/2025 &#8211; Présentation d&rsquo;Indecosa

<h4><span style="color: #003366;">Population syndicale concernée :</span></h4>
<h5><span style="color: #003366;">La formation est adressée prioritairement à l&rsquo;ensemble des militant·e·s d&rsquo;Indecosa-CGT en responsabilité dans les associations territoires ou portant un mandat Indecosa-CGT dans une instance. Elle est obligatoire pour y tenir un mandat ou une fonction de responsabilité.</span></h5>
<hr />
<h4><span style="color: #003366;">L&rsquo;objectif de la formation :</span></h4>
<h5><span style="color: #003366;">Connaître les fondements, les actions et le contexte ainsi que le mode d&rsquo;organisation d&rsquo;Indecosa-CGT en France, aujourd&rsquo;hui.</span></h5>
<hr />
<p><a href="https://formationsyndicale.cgt.fr/wp-content/uploads/2024/12/FD-Presentation-dINDECOSA-Octobre-2025.pdf">FD Présentation d&rsquo;INDECOSA &#8211; Octobre 2025</a></p>
<p><a href="https://formationsyndicale.cgt.fr/wp-content/uploads/2024/12/FC-Presentation-Indecosa-octobre-2025.docx">FC Présentation Indecosa octobre 2025</a></p>

<p>Population syndicale concernée : La formation est adressée prioritairement à l&rsquo;ensemble des militant·e·s d&rsquo;Indecosa-CGT en responsabilité dans les associations territoires ou portant un mandat Indecosa-CGT dans une instance. Elle est&hellip;&nbsp;<a href="https://formationsyndicale.cgt.fr/?tribe_events=n0282-2025-presentation-dindecosa" rel="bookmark"><span class="screen-reader-text">N°0282/2025 &#8211; Présentation d&rsquo;Indecosa</span></a></p>
