{"id":646,"date":"2024-12-11T09:51:11","date_gmt":"2024-12-11T08:51:11","guid":{"rendered":"https:\/\/cbf.cgt.fr\/formsynd\/?post_type=tribe_events&#038;p=646"},"modified":"2024-12-11T09:56:37","modified_gmt":"2024-12-11T08:56:37","slug":"n0276-2025-realiser-une-formation-indecosa-cgt","status":"publish","type":"tribe_events","link":"https:\/\/formationsyndicale.cgt.fr\/?tribe_events=n0276-2025-realiser-une-formation-indecosa-cgt","title":{"rendered":"N\u00b00276\/2025 &#8211; R\u00e9aliser une formation Indecosa\/CGT"},"content":{"rendered":"<h4><span style=\"color: #003366;\">Population syndicale concern\u00e9e :<\/span><\/h4>\n<h5><span style=\"color: #003366;\">La formation est adress\u00e9e aux militant\u00b7e\u00b7s d&rsquo;Indecosa-CGT qui souhaitent s&rsquo;investir dans les actions de formation de notre association. Largement bas\u00e9e sur les principes de la formation syndicale CGT, cette formation insiste sur le r\u00f4le d&rsquo;animateur et les sp\u00e9cificit\u00e9s li\u00e9es \u00e0 notre activit\u00e9 et l&rsquo;accueil de publics qui peuvent ne pas \u00eatre syndiqu\u00e9s.<\/span><\/h5>\n<hr \/>\n<h4><span style=\"color: #003366;\">Les objectifs de la formation :<\/span><\/h4>\n<h5><span style=\"color: #003366;\">Conna\u00eetre les diff\u00e9rentes phases d&rsquo;une formation, savoir utiliser les guides de formation, conna\u00eetre les principes de la p\u00e9dagogie active et de la p\u00e9dagogie de la r\u00e9ussite.<\/span><\/h5>\n<hr \/>\n<h5><a href=\"https:\/\/formationsyndicale.cgt.fr\/wp-content\/uploads\/2024\/12\/FD-Realiser-des-formations-INDECOSA-Fevrier-2025.pdf\">FD R\u00e9aliser des formations INDECOSA &#8211; F\u00e9vrier 2025<\/a><\/h5>\n","protected":false},"excerpt":{"rendered":"<p>Population syndicale concern\u00e9e : La formation est adress\u00e9e aux militant\u00b7e\u00b7s d&rsquo;Indecosa-CGT qui souhaitent s&rsquo;investir dans les actions de formation de notre association. Largement bas\u00e9e sur les principes de la formation&hellip;&nbsp;<a href=\"https:\/\/formationsyndicale.cgt.fr\/?tribe_events=n0276-2025-realiser-une-formation-indecosa-cgt\" rel=\"bookmark\"><span class=\"screen-reader-text\">N\u00b00276\/2025 &#8211; R\u00e9aliser une formation Indecosa\/CGT<\/span><\/a><\/p>\n","protected":false},"author":3,"featured_media":0,"template":"","meta":{"neve_meta_sidebar":"","neve_meta_container":"","neve_meta_enable_content_width":"","neve_meta_content_width":0,"neve_meta_title_alignment":"","neve_meta_author_avatar":"","neve_post_elements_order":"","neve_meta_disable_header":"","neve_meta_disable_footer":"","neve_meta_disable_title":"","_tribe_events_status":"","_tribe_events_status_reason":"","footnotes":""},"tags":[],"tribe_events_cat":[38],"class_list":["post-646","tribe_events","type-tribe_events","status-publish","hentry","tribe_events_cat-etre-acteur","cat_etre-acteur"],"_links":{"self":[{"href":"https:\/\/formationsyndicale.cgt.fr\/index.php?rest_route=\/wp\/v2\/tribe_events\/646","targetHints":{"allow":["GET"]}}],"collection":[{"href":"https:\/\/formationsyndicale.cgt.fr\/index.php?rest_route=\/wp\/v2\/tribe_events"}],"about":[{"href":"https:\/\/formationsyndicale.cgt.fr\/index.php?rest_route=\/wp\/v2\/types\/tribe_events"}],"author":[{"embeddable":true,"href":"https:\/\/formationsyndicale.cgt.fr\/index.php?rest_route=\/wp\/v2\/users\/3"}],"version-history":[{"count":2,"href":"https:\/\/formationsyndicale.cgt.fr\/index.php?rest_route=\/wp\/v2\/tribe_events\/646\/revisions"}],"predecessor-version":[{"id":649,"href":"https:\/\/formationsyndicale.cgt.fr\/index.php?rest_route=\/wp\/v2\/tribe_events\/646\/revisions\/649"}],"wp:attachment":[{"href":"https:\/\/formationsyndicale.cgt.fr\/index.php?rest_route=%2Fwp%2Fv2%2Fmedia&parent=646"}],"wp:term":[{"taxonomy":"post_tag","embeddable":true,"href":"https:\/\/formationsyndicale.cgt.fr\/index.php?rest_route=%2Fwp%2Fv2%2Ftags&post=646"},{"taxonomy":"tribe_events_cat","embeddable":true,"href":"https:\/\/formationsyndicale.cgt.fr\/index.php?rest_route=%2Fwp%2Fv2%2Ftribe_events_cat&post=646"}],"curies":[{"name":"wp","href":"https:\/\/api.w.org\/{rel}","templated":true}]}}

N°0276/2025 &#8211; Réaliser une formation Indecosa/CGT

<h4><span style="color: #003366;">Population syndicale concernée :</span></h4>
<h5><span style="color: #003366;">La formation est adressée aux militant·e·s d&rsquo;Indecosa-CGT qui souhaitent s&rsquo;investir dans les actions de formation de notre association. Largement basée sur les principes de la formation syndicale CGT, cette formation insiste sur le rôle d&rsquo;animateur et les spécificités liées à notre activité et l&rsquo;accueil de publics qui peuvent ne pas être syndiqués.</span></h5>
<hr />
<h4><span style="color: #003366;">Les objectifs de la formation :</span></h4>
<h5><span style="color: #003366;">Connaître les différentes phases d&rsquo;une formation, savoir utiliser les guides de formation, connaître les principes de la pédagogie active et de la pédagogie de la réussite.</span></h5>
<hr />
<h5><a href="https://formationsyndicale.cgt.fr/wp-content/uploads/2024/12/FD-Realiser-des-formations-INDECOSA-Fevrier-2025.pdf">FD Réaliser des formations INDECOSA &#8211; Février 2025</a></h5>

<p>Population syndicale concernée : La formation est adressée aux militant·e·s d&rsquo;Indecosa-CGT qui souhaitent s&rsquo;investir dans les actions de formation de notre association. Largement basée sur les principes de la formation&hellip;&nbsp;<a href="https://formationsyndicale.cgt.fr/?tribe_events=n0276-2025-realiser-une-formation-indecosa-cgt" rel="bookmark"><span class="screen-reader-text">N°0276/2025 &#8211; Réaliser une formation Indecosa/CGT</span></a></p>
