{"id":631,"date":"2024-12-11T09:22:07","date_gmt":"2024-12-11T08:22:07","guid":{"rendered":"https:\/\/cbf.cgt.fr\/formsynd\/?post_type=tribe_events&#038;p=631"},"modified":"2025-07-22T14:16:24","modified_gmt":"2025-07-22T12:16:24","slug":"n0224-2025-bases-et-actualites-du-droit-du-travail","status":"publish","type":"tribe_events","link":"https:\/\/formationsyndicale.cgt.fr\/?tribe_events=n0224-2025-bases-et-actualites-du-droit-du-travail","title":{"rendered":"N\u00b00224\/2025 &#8211; DLAJ\/Temps de travail"},"content":{"rendered":"<h5><span style=\"color: #003366;\">Public concern\u00e9 :<\/span><br \/>\n<span style=\"color: #003366;\">Ce stage n\u00e9cessite des connaissances de base en mati\u00e8re de droit du travail, acquises par <\/span><br \/>\n<span style=\"color: #003366;\">une exp\u00e9rience militante et\/ou par une formation. Il s\u2019adresse en priorit\u00e9 aux animateurs <\/span><br \/>\n<span style=\"color: #003366;\">ou membres de collectifs \u00ab Droits, Libert\u00e9s, Action juridique \u00bb.<\/span><\/h5>\n<hr \/>\n<h4><span style=\"color: #003366;\">Objectif :<\/span><br \/>\n<span style=\"color: #003366;\">\u00c0 l\u2019issue de cette session, les stagiaires sauront identifier et mobiliser les r\u00e8gles juridiques <\/span><br \/>\n<span style=\"color: #003366;\">concernant les th\u00e8mes vis\u00e9s par le stage.<\/span><\/h4>\n<hr \/>\n<h5><a href=\"https:\/\/formationsyndicale.cgt.fr\/wp-content\/uploads\/2024\/12\/Stage_DLAJ_temps_travail_5au10_octobre2025_ISSTSTRASBG.pdf\">DLAJ_temps_travail_5au10_octobre2025_ISSTSTRASBG<\/a><\/h5>\n","protected":false},"excerpt":{"rendered":"<p>Public concern\u00e9 : Ce stage n\u00e9cessite des connaissances de base en mati\u00e8re de droit du travail, acquises par une exp\u00e9rience militante et\/ou par une formation. Il s\u2019adresse en priorit\u00e9 aux&hellip;&nbsp;<a href=\"https:\/\/formationsyndicale.cgt.fr\/?tribe_events=n0224-2025-bases-et-actualites-du-droit-du-travail\" rel=\"bookmark\"><span class=\"screen-reader-text\">N\u00b00224\/2025 &#8211; DLAJ\/Temps de travail<\/span><\/a><\/p>\n","protected":false},"author":3,"featured_media":0,"template":"","meta":{"neve_meta_sidebar":"","neve_meta_container":"","neve_meta_enable_content_width":"","neve_meta_content_width":0,"neve_meta_title_alignment":"","neve_meta_author_avatar":"","neve_post_elements_order":"","neve_meta_disable_header":"","neve_meta_disable_footer":"","neve_meta_disable_title":"","_tribe_events_status":"","_tribe_events_status_reason":"","footnotes":""},"tags":[],"tribe_events_cat":[],"class_list":["post-631","tribe_events","type-tribe_events","status-publish","hentry"],"_links":{"self":[{"href":"https:\/\/formationsyndicale.cgt.fr\/index.php?rest_route=\/wp\/v2\/tribe_events\/631","targetHints":{"allow":["GET"]}}],"collection":[{"href":"https:\/\/formationsyndicale.cgt.fr\/index.php?rest_route=\/wp\/v2\/tribe_events"}],"about":[{"href":"https:\/\/formationsyndicale.cgt.fr\/index.php?rest_route=\/wp\/v2\/types\/tribe_events"}],"author":[{"embeddable":true,"href":"https:\/\/formationsyndicale.cgt.fr\/index.php?rest_route=\/wp\/v2\/users\/3"}],"version-history":[{"count":4,"href":"https:\/\/formationsyndicale.cgt.fr\/index.php?rest_route=\/wp\/v2\/tribe_events\/631\/revisions"}],"predecessor-version":[{"id":1153,"href":"https:\/\/formationsyndicale.cgt.fr\/index.php?rest_route=\/wp\/v2\/tribe_events\/631\/revisions\/1153"}],"wp:attachment":[{"href":"https:\/\/formationsyndicale.cgt.fr\/index.php?rest_route=%2Fwp%2Fv2%2Fmedia&parent=631"}],"wp:term":[{"taxonomy":"post_tag","embeddable":true,"href":"https:\/\/formationsyndicale.cgt.fr\/index.php?rest_route=%2Fwp%2Fv2%2Ftags&post=631"},{"taxonomy":"tribe_events_cat","embeddable":true,"href":"https:\/\/formationsyndicale.cgt.fr\/index.php?rest_route=%2Fwp%2Fv2%2Ftribe_events_cat&post=631"}],"curies":[{"name":"wp","href":"https:\/\/api.w.org\/{rel}","templated":true}]}}

<h5><span style="color: #003366;">Public concerné :</span><br />
<span style="color: #003366;">Ce stage nécessite des connaissances de base en matière de droit du travail, acquises par </span><br />
<span style="color: #003366;">une expérience militante et/ou par une formation. Il s’adresse en priorité aux animateurs </span><br />
<span style="color: #003366;">ou membres de collectifs « Droits, Libertés, Action juridique ».</span></h5>
<hr />
<h4><span style="color: #003366;">Objectif :</span><br />
<span style="color: #003366;">À l’issue de cette session, les stagiaires sauront identifier et mobiliser les règles juridiques </span><br />
<span style="color: #003366;">concernant les thèmes visés par le stage.</span></h4>
<hr />
<h5><a href="https://formationsyndicale.cgt.fr/wp-content/uploads/2024/12/Stage_DLAJ_temps_travail_5au10_octobre2025_ISSTSTRASBG.pdf">DLAJ_temps_travail_5au10_octobre2025_ISSTSTRASBG</a></h5>

<p>Public concerné : Ce stage nécessite des connaissances de base en matière de droit du travail, acquises par une expérience militante et/ou par une formation. Il s’adresse en priorité aux&hellip;&nbsp;<a href="https://formationsyndicale.cgt.fr/?tribe_events=n0224-2025-bases-et-actualites-du-droit-du-travail" rel="bookmark"><span class="screen-reader-text">N°0224/2025 &#8211; DLAJ/Temps de travail</span></a></p>
