{"id":614,"date":"2024-12-10T15:30:14","date_gmt":"2024-12-10T14:30:14","guid":{"rendered":"https:\/\/cbf.cgt.fr\/formsynd\/?post_type=tribe_events&#038;p=614"},"modified":"2025-01-27T15:06:50","modified_gmt":"2025-01-27T14:06:50","slug":"n0192-2025-salaires","status":"publish","type":"tribe_events","link":"https:\/\/formationsyndicale.cgt.fr\/?tribe_events=n0192-2025-salaires","title":{"rendered":"N\u00b00192\/2025 &#8211; Salaires"},"content":{"rendered":"<h4><span style=\"color: #003366;\"><a href=\"https:\/\/formationsyndicale.cgt.fr\/wp-content\/uploads\/2024\/12\/FC-salaire-mars-2024.docx\">FC salaire mars 2024<\/a>Public concern\u00e9<\/span><\/h4>\n<h5><span style=\"color: #003366;\">N\u00e9gociateur.rice.s de branche, d\u2019entreprise, secr\u00e9taires g\u00e9n\u00e9rales.aux \u00a0de syndicat.<\/span><\/h5>\n<hr \/>\n<h4><span style=\"color: #003366;\">Objectifs de la formation<\/span><\/h4>\n<h5><span style=\"color: #003366;\">\u00c0 la fin de la formation, les stagiaires seront capables d&rsquo;engager une action (revendicative) plus efficace sur les augmentations de salaires.<\/span><\/h5>\n<hr \/>\n<p><a href=\"https:\/\/formationsyndicale.cgt.fr\/wp-content\/uploads\/2024\/12\/FD-salaire-mars-2024.docx\">FD salaire mars 2024<\/a><\/p>\n<p>&nbsp;<\/p>\n","protected":false},"excerpt":{"rendered":"<p>FC salaire mars 2024Public concern\u00e9 N\u00e9gociateur.rice.s de branche, d\u2019entreprise, secr\u00e9taires g\u00e9n\u00e9rales.aux \u00a0de syndicat. Objectifs de la formation \u00c0 la fin de la formation, les stagiaires seront capables d&rsquo;engager une action&hellip;&nbsp;<a href=\"https:\/\/formationsyndicale.cgt.fr\/?tribe_events=n0192-2025-salaires\" rel=\"bookmark\"><span class=\"screen-reader-text\">N\u00b00192\/2025 &#8211; Salaires<\/span><\/a><\/p>\n","protected":false},"author":3,"featured_media":0,"template":"","meta":{"neve_meta_sidebar":"","neve_meta_container":"","neve_meta_enable_content_width":"","neve_meta_content_width":0,"neve_meta_title_alignment":"","neve_meta_author_avatar":"","neve_post_elements_order":"","neve_meta_disable_header":"","neve_meta_disable_footer":"","neve_meta_disable_title":"","_tribe_events_status":"","_tribe_events_status_reason":"","footnotes":""},"tags":[],"tribe_events_cat":[40],"class_list":["post-614","tribe_events","type-tribe_events","status-publish","hentry","tribe_events_cat-outiller-responsabilite","cat_outiller-responsabilite"],"_links":{"self":[{"href":"https:\/\/formationsyndicale.cgt.fr\/index.php?rest_route=\/wp\/v2\/tribe_events\/614","targetHints":{"allow":["GET"]}}],"collection":[{"href":"https:\/\/formationsyndicale.cgt.fr\/index.php?rest_route=\/wp\/v2\/tribe_events"}],"about":[{"href":"https:\/\/formationsyndicale.cgt.fr\/index.php?rest_route=\/wp\/v2\/types\/tribe_events"}],"author":[{"embeddable":true,"href":"https:\/\/formationsyndicale.cgt.fr\/index.php?rest_route=\/wp\/v2\/users\/3"}],"version-history":[{"count":3,"href":"https:\/\/formationsyndicale.cgt.fr\/index.php?rest_route=\/wp\/v2\/tribe_events\/614\/revisions"}],"predecessor-version":[{"id":780,"href":"https:\/\/formationsyndicale.cgt.fr\/index.php?rest_route=\/wp\/v2\/tribe_events\/614\/revisions\/780"}],"wp:attachment":[{"href":"https:\/\/formationsyndicale.cgt.fr\/index.php?rest_route=%2Fwp%2Fv2%2Fmedia&parent=614"}],"wp:term":[{"taxonomy":"post_tag","embeddable":true,"href":"https:\/\/formationsyndicale.cgt.fr\/index.php?rest_route=%2Fwp%2Fv2%2Ftags&post=614"},{"taxonomy":"tribe_events_cat","embeddable":true,"href":"https:\/\/formationsyndicale.cgt.fr\/index.php?rest_route=%2Fwp%2Fv2%2Ftribe_events_cat&post=614"}],"curies":[{"name":"wp","href":"https:\/\/api.w.org\/{rel}","templated":true}]}}

<h4><span style="color: #003366;"><a href="https://formationsyndicale.cgt.fr/wp-content/uploads/2024/12/FC-salaire-mars-2024.docx">FC salaire mars 2024</a>Public concerné</span></h4>
<h5><span style="color: #003366;">Négociateur.rice.s de branche, d’entreprise, secrétaires générales.aux  de syndicat.</span></h5>
<hr />
<h4><span style="color: #003366;">Objectifs de la formation</span></h4>
<h5><span style="color: #003366;">À la fin de la formation, les stagiaires seront capables d&rsquo;engager une action (revendicative) plus efficace sur les augmentations de salaires.</span></h5>
<hr />
<p><a href="https://formationsyndicale.cgt.fr/wp-content/uploads/2024/12/FD-salaire-mars-2024.docx">FD salaire mars 2024</a></p>
<p>&nbsp;</p>

<p>FC salaire mars 2024Public concerné Négociateur.rice.s de branche, d’entreprise, secrétaires générales.aux  de syndicat. Objectifs de la formation À la fin de la formation, les stagiaires seront capables d&rsquo;engager une action&hellip;&nbsp;<a href="https://formationsyndicale.cgt.fr/?tribe_events=n0192-2025-salaires" rel="bookmark"><span class="screen-reader-text">N°0192/2025 &#8211; Salaires</span></a></p>
