{"id":602,"date":"2024-12-04T16:46:01","date_gmt":"2024-12-04T15:46:01","guid":{"rendered":"https:\/\/cbf.cgt.fr\/formsynd\/?post_type=tribe_events&#038;p=602"},"modified":"2024-12-04T16:46:01","modified_gmt":"2024-12-04T15:46:01","slug":"n-nat-023-2025-prudis-session-3-module-2-la-redaction","status":"publish","type":"tribe_events","link":"https:\/\/formationsyndicale.cgt.fr\/?tribe_events=n-nat-023-2025-prudis-session-3-module-2-la-redaction","title":{"rendered":"N\u00b0 NAT-023\/2025 &#8211; PRUDIS &#8211; Session 3 \/ Module 2 &#8211; La r\u00e9daction"},"content":{"rendered":"<h4><span style=\"color: #003366;\">Public\u00a0 <\/span><\/h4>\n<h5><span style=\"color: #003366;\">Les Conseill\u00e8res et conseillers prud&rsquo;hommes d\u00e9sign\u00e9(e)s par leurs Unions D\u00e9partementales et ayant suivi le cursus de la Session 1 \u00e0 la Session 3 Module 1.<\/span><\/h5>\n<hr \/>\n<h4><span style=\"color: #003366;\">Les objectifs de formation<\/span><\/h4>\n<h5><span style=\"color: #003366;\">Les stagiaires seront outill\u00e9s pour la r\u00e9daction d\u2019une d\u00e9cision et sa notification.<\/span><\/h5>\n<hr \/>\n<h5><a href=\"https:\/\/formationsyndicale.cgt.fr\/wp-content\/uploads\/2024\/12\/2025-023-FD-SESSION-3-Module-2-la-Redaction.docx\">2025 023 FD SESSION 3 Module 2 la R\u00e9daction<\/a><\/h5>\n<h5><a href=\"https:\/\/formationsyndicale.cgt.fr\/wp-content\/uploads\/2024\/12\/2025-023-FC-Session-3-module-2-La-Redaction.doc\">2025 023 FC Session 3 module 2 La R\u00e9daction<\/a><\/h5>\n","protected":false},"excerpt":{"rendered":"<p>Public\u00a0 Les Conseill\u00e8res et conseillers prud&rsquo;hommes d\u00e9sign\u00e9(e)s par leurs Unions D\u00e9partementales et ayant suivi le cursus de la Session 1 \u00e0 la Session 3 Module 1. Les objectifs de formation&hellip;&nbsp;<a href=\"https:\/\/formationsyndicale.cgt.fr\/?tribe_events=n-nat-023-2025-prudis-session-3-module-2-la-redaction\" rel=\"bookmark\"><span class=\"screen-reader-text\">N\u00b0 NAT-023\/2025 &#8211; PRUDIS &#8211; Session 3 \/ Module 2 &#8211; La r\u00e9daction<\/span><\/a><\/p>\n","protected":false},"author":3,"featured_media":0,"template":"","meta":{"neve_meta_sidebar":"","neve_meta_container":"","neve_meta_enable_content_width":"","neve_meta_content_width":0,"neve_meta_title_alignment":"","neve_meta_author_avatar":"","neve_post_elements_order":"","neve_meta_disable_header":"","neve_meta_disable_footer":"","neve_meta_disable_title":"","_tribe_events_status":"","_tribe_events_status_reason":"","footnotes":""},"tags":[],"tribe_events_cat":[39],"class_list":["post-602","tribe_events","type-tribe_events","status-publish","hentry","tribe_events_cat-outiller-mandat","cat_outiller-mandat"],"_links":{"self":[{"href":"https:\/\/formationsyndicale.cgt.fr\/index.php?rest_route=\/wp\/v2\/tribe_events\/602","targetHints":{"allow":["GET"]}}],"collection":[{"href":"https:\/\/formationsyndicale.cgt.fr\/index.php?rest_route=\/wp\/v2\/tribe_events"}],"about":[{"href":"https:\/\/formationsyndicale.cgt.fr\/index.php?rest_route=\/wp\/v2\/types\/tribe_events"}],"author":[{"embeddable":true,"href":"https:\/\/formationsyndicale.cgt.fr\/index.php?rest_route=\/wp\/v2\/users\/3"}],"version-history":[{"count":1,"href":"https:\/\/formationsyndicale.cgt.fr\/index.php?rest_route=\/wp\/v2\/tribe_events\/602\/revisions"}],"predecessor-version":[{"id":607,"href":"https:\/\/formationsyndicale.cgt.fr\/index.php?rest_route=\/wp\/v2\/tribe_events\/602\/revisions\/607"}],"wp:attachment":[{"href":"https:\/\/formationsyndicale.cgt.fr\/index.php?rest_route=%2Fwp%2Fv2%2Fmedia&parent=602"}],"wp:term":[{"taxonomy":"post_tag","embeddable":true,"href":"https:\/\/formationsyndicale.cgt.fr\/index.php?rest_route=%2Fwp%2Fv2%2Ftags&post=602"},{"taxonomy":"tribe_events_cat","embeddable":true,"href":"https:\/\/formationsyndicale.cgt.fr\/index.php?rest_route=%2Fwp%2Fv2%2Ftribe_events_cat&post=602"}],"curies":[{"name":"wp","href":"https:\/\/api.w.org\/{rel}","templated":true}]}}

N° NAT-023/2025 &#8211; PRUDIS &#8211; Session 3 / Module 2 &#8211; La rédaction

<h4><span style="color: #003366;">Public  </span></h4>
<h5><span style="color: #003366;">Les Conseillères et conseillers prud&rsquo;hommes désigné(e)s par leurs Unions Départementales et ayant suivi le cursus de la Session 1 à la Session 3 Module 1.</span></h5>
<hr />
<h4><span style="color: #003366;">Les objectifs de formation</span></h4>
<h5><span style="color: #003366;">Les stagiaires seront outillés pour la rédaction d’une décision et sa notification.</span></h5>
<hr />
<h5><a href="https://formationsyndicale.cgt.fr/wp-content/uploads/2024/12/2025-023-FD-SESSION-3-Module-2-la-Redaction.docx">2025 023 FD SESSION 3 Module 2 la Rédaction</a></h5>
<h5><a href="https://formationsyndicale.cgt.fr/wp-content/uploads/2024/12/2025-023-FC-Session-3-module-2-La-Redaction.doc">2025 023 FC Session 3 module 2 La Rédaction</a></h5>

<p>Public  Les Conseillères et conseillers prud&rsquo;hommes désigné(e)s par leurs Unions Départementales et ayant suivi le cursus de la Session 1 à la Session 3 Module 1. Les objectifs de formation&hellip;&nbsp;<a href="https://formationsyndicale.cgt.fr/?tribe_events=n-nat-023-2025-prudis-session-3-module-2-la-redaction" rel="bookmark"><span class="screen-reader-text">N° NAT-023/2025 &#8211; PRUDIS &#8211; Session 3 / Module 2 &#8211; La rédaction</span></a></p>
