{"id":593,"date":"2024-12-04T16:36:16","date_gmt":"2024-12-04T15:36:16","guid":{"rendered":"https:\/\/cbf.cgt.fr\/formsynd\/?post_type=tribe_events&#038;p=593"},"modified":"2024-12-04T16:51:16","modified_gmt":"2024-12-04T15:51:16","slug":"n-nat-020-2025-prudis-harcelement-module-2","status":"publish","type":"tribe_events","link":"https:\/\/formationsyndicale.cgt.fr\/?tribe_events=n-nat-020-2025-prudis-harcelement-module-2","title":{"rendered":"N\u00b0 NAT-020\/2025 &#8211; PRUDIS &#8211; Harc\u00e8lement \/ Module 2"},"content":{"rendered":"<h4><span style=\"color: #003366;\">Public<\/span><\/h4>\n<h5><span style=\"color: #003366;\">Les Conseill\u00e8res et conseillers Prud\u2019hommes d\u00e9sign\u00e9.e.s par leur Union D\u00e9partementale et ayant suivi le cursus PRUDIS jusqu\u2019\u00e0 la session 3-module 2 incluse.<\/span><\/h5>\n<hr \/>\n<h4><span style=\"color: #003366;\">Les objectifs de formation<\/span><\/h4>\n<h5><span style=\"color: #003366;\">Les stagiaires seront outill\u00e9s pour expliquer leur r\u00f4le et les contr\u00f4les qu\u2019ils ont \u00e0 effectuer en tant que conseiller.\u00e8re.s prud\u2019hommes sur les litiges portant des \u00e9l\u00e9ments de harc\u00e8lement au travail.<\/span><\/h5>\n<hr \/>\n<h5><a href=\"https:\/\/formationsyndicale.cgt.fr\/wp-content\/uploads\/2024\/12\/2025-020-FD-Harcelement-Module-2.docx\">2025 020 FD Harcelement Module 2<\/a><\/h5>\n<h5><a href=\"https:\/\/formationsyndicale.cgt.fr\/wp-content\/uploads\/2024\/12\/2025-020-FC-Harcelement-Module-2.doc\">2025 020 FC Harcelement Module 2<\/a><\/h5>\n","protected":false},"excerpt":{"rendered":"<p>Public Les Conseill\u00e8res et conseillers Prud\u2019hommes d\u00e9sign\u00e9.e.s par leur Union D\u00e9partementale et ayant suivi le cursus PRUDIS jusqu\u2019\u00e0 la session 3-module 2 incluse. Les objectifs de formation Les stagiaires seront&hellip;&nbsp;<a href=\"https:\/\/formationsyndicale.cgt.fr\/?tribe_events=n-nat-020-2025-prudis-harcelement-module-2\" rel=\"bookmark\"><span class=\"screen-reader-text\">N\u00b0 NAT-020\/2025 &#8211; PRUDIS &#8211; Harc\u00e8lement \/ Module 2<\/span><\/a><\/p>\n","protected":false},"author":3,"featured_media":0,"template":"","meta":{"neve_meta_sidebar":"","neve_meta_container":"","neve_meta_enable_content_width":"","neve_meta_content_width":0,"neve_meta_title_alignment":"","neve_meta_author_avatar":"","neve_post_elements_order":"","neve_meta_disable_header":"","neve_meta_disable_footer":"","neve_meta_disable_title":"","_tribe_events_status":"","_tribe_events_status_reason":"","footnotes":""},"tags":[],"tribe_events_cat":[39],"class_list":["post-593","tribe_events","type-tribe_events","status-publish","hentry","tribe_events_cat-outiller-mandat","cat_outiller-mandat"],"_links":{"self":[{"href":"https:\/\/formationsyndicale.cgt.fr\/index.php?rest_route=\/wp\/v2\/tribe_events\/593","targetHints":{"allow":["GET"]}}],"collection":[{"href":"https:\/\/formationsyndicale.cgt.fr\/index.php?rest_route=\/wp\/v2\/tribe_events"}],"about":[{"href":"https:\/\/formationsyndicale.cgt.fr\/index.php?rest_route=\/wp\/v2\/types\/tribe_events"}],"author":[{"embeddable":true,"href":"https:\/\/formationsyndicale.cgt.fr\/index.php?rest_route=\/wp\/v2\/users\/3"}],"version-history":[{"count":1,"href":"https:\/\/formationsyndicale.cgt.fr\/index.php?rest_route=\/wp\/v2\/tribe_events\/593\/revisions"}],"predecessor-version":[{"id":596,"href":"https:\/\/formationsyndicale.cgt.fr\/index.php?rest_route=\/wp\/v2\/tribe_events\/593\/revisions\/596"}],"wp:attachment":[{"href":"https:\/\/formationsyndicale.cgt.fr\/index.php?rest_route=%2Fwp%2Fv2%2Fmedia&parent=593"}],"wp:term":[{"taxonomy":"post_tag","embeddable":true,"href":"https:\/\/formationsyndicale.cgt.fr\/index.php?rest_route=%2Fwp%2Fv2%2Ftags&post=593"},{"taxonomy":"tribe_events_cat","embeddable":true,"href":"https:\/\/formationsyndicale.cgt.fr\/index.php?rest_route=%2Fwp%2Fv2%2Ftribe_events_cat&post=593"}],"curies":[{"name":"wp","href":"https:\/\/api.w.org\/{rel}","templated":true}]}}

N° NAT-020/2025 &#8211; PRUDIS &#8211; Harcèlement / Module 2

<h4><span style="color: #003366;">Public</span></h4>
<h5><span style="color: #003366;">Les Conseillères et conseillers Prud’hommes désigné.e.s par leur Union Départementale et ayant suivi le cursus PRUDIS jusqu’à la session 3-module 2 incluse.</span></h5>
<hr />
<h4><span style="color: #003366;">Les objectifs de formation</span></h4>
<h5><span style="color: #003366;">Les stagiaires seront outillés pour expliquer leur rôle et les contrôles qu’ils ont à effectuer en tant que conseiller.ère.s prud’hommes sur les litiges portant des éléments de harcèlement au travail.</span></h5>
<hr />
<h5><a href="https://formationsyndicale.cgt.fr/wp-content/uploads/2024/12/2025-020-FD-Harcelement-Module-2.docx">2025 020 FD Harcelement Module 2</a></h5>
<h5><a href="https://formationsyndicale.cgt.fr/wp-content/uploads/2024/12/2025-020-FC-Harcelement-Module-2.doc">2025 020 FC Harcelement Module 2</a></h5>

<p>Public Les Conseillères et conseillers Prud’hommes désigné.e.s par leur Union Départementale et ayant suivi le cursus PRUDIS jusqu’à la session 3-module 2 incluse. Les objectifs de formation Les stagiaires seront&hellip;&nbsp;<a href="https://formationsyndicale.cgt.fr/?tribe_events=n-nat-020-2025-prudis-harcelement-module-2" rel="bookmark"><span class="screen-reader-text">N° NAT-020/2025 &#8211; PRUDIS &#8211; Harcèlement / Module 2</span></a></p>
