{"id":589,"date":"2024-12-04T16:29:59","date_gmt":"2024-12-04T15:29:59","guid":{"rendered":"https:\/\/cbf.cgt.fr\/formsynd\/?post_type=tribe_events&#038;p=589"},"modified":"2024-12-04T16:30:47","modified_gmt":"2024-12-04T15:30:47","slug":"n-nat-021-2025-les-pouvoirs-de-la-formation-refere","status":"publish","type":"tribe_events","link":"https:\/\/formationsyndicale.cgt.fr\/?tribe_events=n-nat-021-2025-les-pouvoirs-de-la-formation-refere","title":{"rendered":"N\u00b0 NAT-021\/2025 &#8211; Les pouvoirs de la formation r\u00e9f\u00e9r\u00e9"},"content":{"rendered":"<h4><span style=\"color: #003366;\">Public<br \/>\n<\/span><\/h4>\n<h5><span style=\"color: #003366;\">Les conseiller.\u00e8re.s prud\u2019hommes d\u00e9sign\u00e9.e.s par leur Union D\u00e9partementale et ayant suivi le cursus PRUDIS jusqu\u2019\u00e0 la session 3-module 2 incluse.<\/span><\/h5>\n<hr \/>\n<h4><span style=\"color: #003366;\">Les objectifs de formation\u00a0<\/span><\/h4>\n<h5><span style=\"color: #003366;\">Les stagiaires seront outill\u00e9.e.s sur les pouvoirs de la formation de r\u00e9f\u00e9r\u00e9.<\/span><\/h5>\n<hr \/>\n<h5><a href=\"https:\/\/formationsyndicale.cgt.fr\/wp-content\/uploads\/2024\/12\/2025-021-FD-les-pouvoirs-de-la-formation-de-Refere.docx\">2025 021 FD les pouvoirs de la formation de R\u00e9f\u00e9r\u00e9<\/a><\/h5>\n<h5><a href=\"https:\/\/formationsyndicale.cgt.fr\/wp-content\/uploads\/2024\/12\/2025-021-FC-REFERE.doc\">2025 021 FC REFERE<\/a><\/h5>\n<p>&nbsp;<\/p>\n","protected":false},"excerpt":{"rendered":"<p>Public Les conseiller.\u00e8re.s prud\u2019hommes d\u00e9sign\u00e9.e.s par leur Union D\u00e9partementale et ayant suivi le cursus PRUDIS jusqu\u2019\u00e0 la session 3-module 2 incluse. Les objectifs de formation\u00a0 Les stagiaires seront outill\u00e9.e.s sur&hellip;&nbsp;<a href=\"https:\/\/formationsyndicale.cgt.fr\/?tribe_events=n-nat-021-2025-les-pouvoirs-de-la-formation-refere\" rel=\"bookmark\"><span class=\"screen-reader-text\">N\u00b0 NAT-021\/2025 &#8211; Les pouvoirs de la formation r\u00e9f\u00e9r\u00e9<\/span><\/a><\/p>\n","protected":false},"author":3,"featured_media":0,"template":"","meta":{"neve_meta_sidebar":"","neve_meta_container":"","neve_meta_enable_content_width":"","neve_meta_content_width":0,"neve_meta_title_alignment":"","neve_meta_author_avatar":"","neve_post_elements_order":"","neve_meta_disable_header":"","neve_meta_disable_footer":"","neve_meta_disable_title":"","_tribe_events_status":"","_tribe_events_status_reason":"","footnotes":""},"tags":[],"tribe_events_cat":[39],"class_list":["post-589","tribe_events","type-tribe_events","status-publish","hentry","tribe_events_cat-outiller-mandat","cat_outiller-mandat"],"_links":{"self":[{"href":"https:\/\/formationsyndicale.cgt.fr\/index.php?rest_route=\/wp\/v2\/tribe_events\/589","targetHints":{"allow":["GET"]}}],"collection":[{"href":"https:\/\/formationsyndicale.cgt.fr\/index.php?rest_route=\/wp\/v2\/tribe_events"}],"about":[{"href":"https:\/\/formationsyndicale.cgt.fr\/index.php?rest_route=\/wp\/v2\/types\/tribe_events"}],"author":[{"embeddable":true,"href":"https:\/\/formationsyndicale.cgt.fr\/index.php?rest_route=\/wp\/v2\/users\/3"}],"version-history":[{"count":1,"href":"https:\/\/formationsyndicale.cgt.fr\/index.php?rest_route=\/wp\/v2\/tribe_events\/589\/revisions"}],"predecessor-version":[{"id":592,"href":"https:\/\/formationsyndicale.cgt.fr\/index.php?rest_route=\/wp\/v2\/tribe_events\/589\/revisions\/592"}],"wp:attachment":[{"href":"https:\/\/formationsyndicale.cgt.fr\/index.php?rest_route=%2Fwp%2Fv2%2Fmedia&parent=589"}],"wp:term":[{"taxonomy":"post_tag","embeddable":true,"href":"https:\/\/formationsyndicale.cgt.fr\/index.php?rest_route=%2Fwp%2Fv2%2Ftags&post=589"},{"taxonomy":"tribe_events_cat","embeddable":true,"href":"https:\/\/formationsyndicale.cgt.fr\/index.php?rest_route=%2Fwp%2Fv2%2Ftribe_events_cat&post=589"}],"curies":[{"name":"wp","href":"https:\/\/api.w.org\/{rel}","templated":true}]}}

N° NAT-021/2025 &#8211; Les pouvoirs de la formation référé

<h4><span style="color: #003366;">Public<br />
</span></h4>
<h5><span style="color: #003366;">Les conseiller.ère.s prud’hommes désigné.e.s par leur Union Départementale et ayant suivi le cursus PRUDIS jusqu’à la session 3-module 2 incluse.</span></h5>
<hr />
<h4><span style="color: #003366;">Les objectifs de formation </span></h4>
<h5><span style="color: #003366;">Les stagiaires seront outillé.e.s sur les pouvoirs de la formation de référé.</span></h5>
<hr />
<h5><a href="https://formationsyndicale.cgt.fr/wp-content/uploads/2024/12/2025-021-FD-les-pouvoirs-de-la-formation-de-Refere.docx">2025 021 FD les pouvoirs de la formation de Référé</a></h5>
<h5><a href="https://formationsyndicale.cgt.fr/wp-content/uploads/2024/12/2025-021-FC-REFERE.doc">2025 021 FC REFERE</a></h5>
<p>&nbsp;</p>

<p>Public Les conseiller.ère.s prud’hommes désigné.e.s par leur Union Départementale et ayant suivi le cursus PRUDIS jusqu’à la session 3-module 2 incluse. Les objectifs de formation  Les stagiaires seront outillé.e.s sur&hellip;&nbsp;<a href="https://formationsyndicale.cgt.fr/?tribe_events=n-nat-021-2025-les-pouvoirs-de-la-formation-refere" rel="bookmark"><span class="screen-reader-text">N° NAT-021/2025 &#8211; Les pouvoirs de la formation référé</span></a></p>
