{"id":579,"date":"2024-12-04T16:17:44","date_gmt":"2024-12-04T15:17:44","guid":{"rendered":"https:\/\/cbf.cgt.fr\/formsynd\/?post_type=tribe_events&#038;p=579"},"modified":"2024-12-04T16:52:08","modified_gmt":"2024-12-04T15:52:08","slug":"nat-018-2025-prudis-le-licenciement-economique","status":"publish","type":"tribe_events","link":"https:\/\/formationsyndicale.cgt.fr\/?tribe_events=nat-018-2025-prudis-le-licenciement-economique","title":{"rendered":"N\u00b0 NAT-018\/2025 &#8211; Prudis &#8211; Le licenciement \u00e9conomique"},"content":{"rendered":"<h4><span style=\"color: #003366;\">Public<\/span><\/h4>\n<h5><span style=\"color: #003366;\">Les conseiller.\u00e8re.s prud&rsquo;hommes mandat\u00e9.e.s par leur Union D\u00e9partementale et ayant suivi le cursus de formation PRUDIS jusqu&rsquo;\u00e0 la session 3 module 2 incluse.<\/span><\/h5>\n<hr \/>\n<h4><span style=\"color: #003366;\">Les objectifs de formation <\/span><\/h4>\n<h5><span style=\"color: #003366;\">Les stagiaires seront capables d&rsquo;expliquer les v\u00e9rifications qu\u2019ils ont \u00e0 effectuer en tant que conseiller.\u00e8re prud&rsquo;homme en cas de licenciement \u00e9conomique individuel, ainsi que d\u2019expliquer la sanction correspondante aux irr\u00e9gularit\u00e9s \u00e9ventuellement constat\u00e9es lors de ces v\u00e9rifications.<\/span><\/h5>\n<hr \/>\n<h5><a href=\"https:\/\/formationsyndicale.cgt.fr\/wp-content\/uploads\/2024\/12\/2025-018-FD-Licenciement-eco-indi.docx\">2025 018 FD Licenciement eco indi<\/a><\/h5>\n<h5><a href=\"https:\/\/formationsyndicale.cgt.fr\/wp-content\/uploads\/2024\/12\/2025-018-FC-Licenciement-Economique-Individuel.doc\">2025 018 FC Licenciement Economique Individuel<\/a><\/h5>\n","protected":false},"excerpt":{"rendered":"<p>Public Les conseiller.\u00e8re.s prud&rsquo;hommes mandat\u00e9.e.s par leur Union D\u00e9partementale et ayant suivi le cursus de formation PRUDIS jusqu&rsquo;\u00e0 la session 3 module 2 incluse. Les objectifs de formation Les stagiaires&hellip;&nbsp;<a href=\"https:\/\/formationsyndicale.cgt.fr\/?tribe_events=nat-018-2025-prudis-le-licenciement-economique\" rel=\"bookmark\"><span class=\"screen-reader-text\">N\u00b0 NAT-018\/2025 &#8211; Prudis &#8211; Le licenciement \u00e9conomique<\/span><\/a><\/p>\n","protected":false},"author":3,"featured_media":0,"template":"","meta":{"neve_meta_sidebar":"","neve_meta_container":"","neve_meta_enable_content_width":"","neve_meta_content_width":0,"neve_meta_title_alignment":"","neve_meta_author_avatar":"","neve_post_elements_order":"","neve_meta_disable_header":"","neve_meta_disable_footer":"","neve_meta_disable_title":"","_tribe_events_status":"","_tribe_events_status_reason":"","footnotes":""},"tags":[],"tribe_events_cat":[39],"class_list":["post-579","tribe_events","type-tribe_events","status-publish","hentry","tribe_events_cat-outiller-mandat","cat_outiller-mandat"],"_links":{"self":[{"href":"https:\/\/formationsyndicale.cgt.fr\/index.php?rest_route=\/wp\/v2\/tribe_events\/579","targetHints":{"allow":["GET"]}}],"collection":[{"href":"https:\/\/formationsyndicale.cgt.fr\/index.php?rest_route=\/wp\/v2\/tribe_events"}],"about":[{"href":"https:\/\/formationsyndicale.cgt.fr\/index.php?rest_route=\/wp\/v2\/types\/tribe_events"}],"author":[{"embeddable":true,"href":"https:\/\/formationsyndicale.cgt.fr\/index.php?rest_route=\/wp\/v2\/users\/3"}],"version-history":[{"count":2,"href":"https:\/\/formationsyndicale.cgt.fr\/index.php?rest_route=\/wp\/v2\/tribe_events\/579\/revisions"}],"predecessor-version":[{"id":584,"href":"https:\/\/formationsyndicale.cgt.fr\/index.php?rest_route=\/wp\/v2\/tribe_events\/579\/revisions\/584"}],"wp:attachment":[{"href":"https:\/\/formationsyndicale.cgt.fr\/index.php?rest_route=%2Fwp%2Fv2%2Fmedia&parent=579"}],"wp:term":[{"taxonomy":"post_tag","embeddable":true,"href":"https:\/\/formationsyndicale.cgt.fr\/index.php?rest_route=%2Fwp%2Fv2%2Ftags&post=579"},{"taxonomy":"tribe_events_cat","embeddable":true,"href":"https:\/\/formationsyndicale.cgt.fr\/index.php?rest_route=%2Fwp%2Fv2%2Ftribe_events_cat&post=579"}],"curies":[{"name":"wp","href":"https:\/\/api.w.org\/{rel}","templated":true}]}}

N° NAT-018/2025 &#8211; Prudis &#8211; Le licenciement économique

<h4><span style="color: #003366;">Public</span></h4>
<h5><span style="color: #003366;">Les conseiller.ère.s prud&rsquo;hommes mandaté.e.s par leur Union Départementale et ayant suivi le cursus de formation PRUDIS jusqu&rsquo;à la session 3 module 2 incluse.</span></h5>
<hr />
<h4><span style="color: #003366;">Les objectifs de formation </span></h4>
<h5><span style="color: #003366;">Les stagiaires seront capables d&rsquo;expliquer les vérifications qu’ils ont à effectuer en tant que conseiller.ère prud&rsquo;homme en cas de licenciement économique individuel, ainsi que d’expliquer la sanction correspondante aux irrégularités éventuellement constatées lors de ces vérifications.</span></h5>
<hr />
<h5><a href="https://formationsyndicale.cgt.fr/wp-content/uploads/2024/12/2025-018-FD-Licenciement-eco-indi.docx">2025 018 FD Licenciement eco indi</a></h5>
<h5><a href="https://formationsyndicale.cgt.fr/wp-content/uploads/2024/12/2025-018-FC-Licenciement-Economique-Individuel.doc">2025 018 FC Licenciement Economique Individuel</a></h5>

<p>Public Les conseiller.ère.s prud&rsquo;hommes mandaté.e.s par leur Union Départementale et ayant suivi le cursus de formation PRUDIS jusqu&rsquo;à la session 3 module 2 incluse. Les objectifs de formation Les stagiaires&hellip;&nbsp;<a href="https://formationsyndicale.cgt.fr/?tribe_events=nat-018-2025-prudis-le-licenciement-economique" rel="bookmark"><span class="screen-reader-text">N° NAT-018/2025 &#8211; Prudis &#8211; Le licenciement économique</span></a></p>
