{"id":578,"date":"2025-02-10T10:52:45","date_gmt":"2025-02-10T09:52:45","guid":{"rendered":"https:\/\/cbf.cgt.fr\/formsynd\/?post_type=tribe_events&#038;p=578"},"modified":"2025-05-07T14:56:16","modified_gmt":"2025-05-07T12:56:16","slug":"n-0260-2025-premier%c2%b7ere%c2%b7s-dirigeant%c2%b7e%c2%b7s","status":"publish","type":"tribe_events","link":"https:\/\/formationsyndicale.cgt.fr\/?tribe_events=n-0260-2025-premier%c2%b7ere%c2%b7s-dirigeant%c2%b7e%c2%b7s","title":{"rendered":"N\u00b0 0260\/2025 &#8211; Premier\u00b7\u00e8re\u00b7s dirigeant\u00b7e\u00b7s"},"content":{"rendered":"<h4><span style=\"color: #003366;\">Objectif du stage<\/span><\/h4>\n<h5><span style=\"color: #003366;\">Aider \u00e0 l\u2019exercice de la responsabilit\u00e9 de premier, premi\u00e8re dirigeant.e tant pour <\/span><br \/>\n<span style=\"color: #003366;\">un.e secr\u00e9taire g\u00e9n\u00e9ral.e \u00a0d\u2019une organisation du CCN que pour un.e membre de la commission ex\u00e9cutive conf\u00e9d\u00e9rale.<\/span><\/h5>\n<h5><span style=\"color: #003366;\">Il s\u2019agit \u00e0 la fois d\u2019un stage de formation permettant l\u2019acquisition de connaissances, et d\u2019un stage de co-\u00e9laboration.<\/span><\/h5>\n<hr \/>\n<h5><a href=\"https:\/\/formationsyndicale.cgt.fr\/wp-content\/uploads\/2025\/02\/FC-1ers-dirigeants-1125-1.docx\">FC &#8211; 1ers dirigeants &#8211; 1125<\/a><\/h5>\n","protected":false},"excerpt":{"rendered":"<p>Objectif du stage Aider \u00e0 l\u2019exercice de la responsabilit\u00e9 de premier, premi\u00e8re dirigeant.e tant pour un.e secr\u00e9taire g\u00e9n\u00e9ral.e \u00a0d\u2019une organisation du CCN que pour un.e membre de la commission ex\u00e9cutive&hellip;&nbsp;<a href=\"https:\/\/formationsyndicale.cgt.fr\/?tribe_events=n-0260-2025-premier%c2%b7ere%c2%b7s-dirigeant%c2%b7e%c2%b7s\" rel=\"bookmark\"><span class=\"screen-reader-text\">N\u00b0 0260\/2025 &#8211; Premier\u00b7\u00e8re\u00b7s dirigeant\u00b7e\u00b7s<\/span><\/a><\/p>\n","protected":false},"author":3,"featured_media":0,"template":"","meta":{"neve_meta_sidebar":"","neve_meta_container":"","neve_meta_enable_content_width":"","neve_meta_content_width":0,"neve_meta_title_alignment":"","neve_meta_author_avatar":"","neve_post_elements_order":"","neve_meta_disable_header":"","neve_meta_disable_footer":"","neve_meta_disable_title":"","_tribe_events_status":"","_tribe_events_status_reason":"","footnotes":""},"tags":[],"tribe_events_cat":[],"class_list":["post-578","tribe_events","type-tribe_events","status-publish","hentry"],"_links":{"self":[{"href":"https:\/\/formationsyndicale.cgt.fr\/index.php?rest_route=\/wp\/v2\/tribe_events\/578","targetHints":{"allow":["GET"]}}],"collection":[{"href":"https:\/\/formationsyndicale.cgt.fr\/index.php?rest_route=\/wp\/v2\/tribe_events"}],"about":[{"href":"https:\/\/formationsyndicale.cgt.fr\/index.php?rest_route=\/wp\/v2\/types\/tribe_events"}],"author":[{"embeddable":true,"href":"https:\/\/formationsyndicale.cgt.fr\/index.php?rest_route=\/wp\/v2\/users\/3"}],"version-history":[{"count":5,"href":"https:\/\/formationsyndicale.cgt.fr\/index.php?rest_route=\/wp\/v2\/tribe_events\/578\/revisions"}],"predecessor-version":[{"id":1076,"href":"https:\/\/formationsyndicale.cgt.fr\/index.php?rest_route=\/wp\/v2\/tribe_events\/578\/revisions\/1076"}],"wp:attachment":[{"href":"https:\/\/formationsyndicale.cgt.fr\/index.php?rest_route=%2Fwp%2Fv2%2Fmedia&parent=578"}],"wp:term":[{"taxonomy":"post_tag","embeddable":true,"href":"https:\/\/formationsyndicale.cgt.fr\/index.php?rest_route=%2Fwp%2Fv2%2Ftags&post=578"},{"taxonomy":"tribe_events_cat","embeddable":true,"href":"https:\/\/formationsyndicale.cgt.fr\/index.php?rest_route=%2Fwp%2Fv2%2Ftribe_events_cat&post=578"}],"curies":[{"name":"wp","href":"https:\/\/api.w.org\/{rel}","templated":true}]}}

N° 0260/2025 &#8211; Premier·ère·s dirigeant·e·s

<h4><span style="color: #003366;">Objectif du stage</span></h4>
<h5><span style="color: #003366;">Aider à l’exercice de la responsabilité de premier, première dirigeant.e tant pour </span><br />
<span style="color: #003366;">un.e secrétaire général.e  d’une organisation du CCN que pour un.e membre de la commission exécutive confédérale.</span></h5>
<h5><span style="color: #003366;">Il s’agit à la fois d’un stage de formation permettant l’acquisition de connaissances, et d’un stage de co-élaboration.</span></h5>
<hr />
<h5><a href="https://formationsyndicale.cgt.fr/wp-content/uploads/2025/02/FC-1ers-dirigeants-1125-1.docx">FC &#8211; 1ers dirigeants &#8211; 1125</a></h5>

<p>Objectif du stage Aider à l’exercice de la responsabilité de premier, première dirigeant.e tant pour un.e secrétaire général.e  d’une organisation du CCN que pour un.e membre de la commission exécutive&hellip;&nbsp;<a href="https://formationsyndicale.cgt.fr/?tribe_events=n-0260-2025-premier%c2%b7ere%c2%b7s-dirigeant%c2%b7e%c2%b7s" rel="bookmark"><span class="screen-reader-text">N° 0260/2025 &#8211; Premier·ère·s dirigeant·e·s</span></a></p>
