{"id":493,"date":"2024-11-15T16:28:06","date_gmt":"2024-11-15T15:28:06","guid":{"rendered":"https:\/\/cbf.cgt.fr\/formsynd\/?post_type=tribe_events&#038;p=493"},"modified":"2025-03-25T14:23:49","modified_gmt":"2025-03-25T13:23:49","slug":"nat-015-2025-retour-dexperience-bureau-de-conciliation-et-dorientation","status":"publish","type":"tribe_events","link":"https:\/\/formationsyndicale.cgt.fr\/?tribe_events=nat-015-2025-retour-dexperience-bureau-de-conciliation-et-dorientation","title":{"rendered":"NAT-015\/2025 &#8211; Retour d&rsquo;exp\u00e9rience bureau de conciliation et d&rsquo;orientation"},"content":{"rendered":"<h4><span style=\"color: #003366;\">Public <\/span><\/h4>\n<h5><span style=\"color: #003366;\">Les conseill\u00e8res et conseillers Prud\u2019hommes CGT ayant suivi.e.s les formations de la session 1 \u2013 prise de mandat \u00e0 la session 3 \u2013 Module 2 sur la r\u00e9daction et la notification d\u2019une d\u00e9cision et la formation Bureau de Conciliation et d\u2019Orientation.<\/span><\/h5>\n<hr \/>\n<h4><span style=\"color: #003366;\">Les objectifs de formation<\/span><\/h4>\n<h5><span style=\"color: #003366;\">Les stagiaires seront outill\u00e9s pour renforcer et \u00e9largir leurs savoir-faire pour mettre en \u0153uvre les pouvoirs du Bureau de Conciliation et d&rsquo;Orientation et d&rsquo;en expliquer les enjeux.<\/span><\/h5>\n<hr \/>\n<p><a href=\"https:\/\/formationsyndicale.cgt.fr\/wp-content\/uploads\/2024\/11\/2025-015-FD-REX-BCO-2.docx\">2025 015 FD REX BCO<\/a><\/p>\n<p><a href=\"https:\/\/formationsyndicale.cgt.fr\/wp-content\/uploads\/2024\/11\/2025-015-FC-REX-BCO-2.doc\">2025 015 FC REX BCO<\/a><\/p>\n","protected":false},"excerpt":{"rendered":"<p>Public Les conseill\u00e8res et conseillers Prud\u2019hommes CGT ayant suivi.e.s les formations de la session 1 \u2013 prise de mandat \u00e0 la session 3 \u2013 Module 2 sur la r\u00e9daction et&hellip;&nbsp;<a href=\"https:\/\/formationsyndicale.cgt.fr\/?tribe_events=nat-015-2025-retour-dexperience-bureau-de-conciliation-et-dorientation\" rel=\"bookmark\"><span class=\"screen-reader-text\">NAT-015\/2025 &#8211; Retour d&rsquo;exp\u00e9rience bureau de conciliation et d&rsquo;orientation<\/span><\/a><\/p>\n","protected":false},"author":3,"featured_media":0,"template":"","meta":{"neve_meta_sidebar":"","neve_meta_container":"","neve_meta_enable_content_width":"","neve_meta_content_width":0,"neve_meta_title_alignment":"","neve_meta_author_avatar":"","neve_post_elements_order":"","neve_meta_disable_header":"","neve_meta_disable_footer":"","neve_meta_disable_title":"","_tribe_events_status":"","_tribe_events_status_reason":"","footnotes":""},"tags":[],"tribe_events_cat":[39],"class_list":["post-493","tribe_events","type-tribe_events","status-publish","hentry","tribe_events_cat-outiller-mandat","cat_outiller-mandat"],"_links":{"self":[{"href":"https:\/\/formationsyndicale.cgt.fr\/index.php?rest_route=\/wp\/v2\/tribe_events\/493","targetHints":{"allow":["GET"]}}],"collection":[{"href":"https:\/\/formationsyndicale.cgt.fr\/index.php?rest_route=\/wp\/v2\/tribe_events"}],"about":[{"href":"https:\/\/formationsyndicale.cgt.fr\/index.php?rest_route=\/wp\/v2\/types\/tribe_events"}],"author":[{"embeddable":true,"href":"https:\/\/formationsyndicale.cgt.fr\/index.php?rest_route=\/wp\/v2\/users\/3"}],"version-history":[{"count":4,"href":"https:\/\/formationsyndicale.cgt.fr\/index.php?rest_route=\/wp\/v2\/tribe_events\/493\/revisions"}],"predecessor-version":[{"id":885,"href":"https:\/\/formationsyndicale.cgt.fr\/index.php?rest_route=\/wp\/v2\/tribe_events\/493\/revisions\/885"}],"wp:attachment":[{"href":"https:\/\/formationsyndicale.cgt.fr\/index.php?rest_route=%2Fwp%2Fv2%2Fmedia&parent=493"}],"wp:term":[{"taxonomy":"post_tag","embeddable":true,"href":"https:\/\/formationsyndicale.cgt.fr\/index.php?rest_route=%2Fwp%2Fv2%2Ftags&post=493"},{"taxonomy":"tribe_events_cat","embeddable":true,"href":"https:\/\/formationsyndicale.cgt.fr\/index.php?rest_route=%2Fwp%2Fv2%2Ftribe_events_cat&post=493"}],"curies":[{"name":"wp","href":"https:\/\/api.w.org\/{rel}","templated":true}]}}

NAT-015/2025 &#8211; Retour d&rsquo;expérience bureau de conciliation et d&rsquo;orientation

<h4><span style="color: #003366;">Public </span></h4>
<h5><span style="color: #003366;">Les conseillères et conseillers Prud’hommes CGT ayant suivi.e.s les formations de la session 1 – prise de mandat à la session 3 – Module 2 sur la rédaction et la notification d’une décision et la formation Bureau de Conciliation et d’Orientation.</span></h5>
<hr />
<h4><span style="color: #003366;">Les objectifs de formation</span></h4>
<h5><span style="color: #003366;">Les stagiaires seront outillés pour renforcer et élargir leurs savoir-faire pour mettre en œuvre les pouvoirs du Bureau de Conciliation et d&rsquo;Orientation et d&rsquo;en expliquer les enjeux.</span></h5>
<hr />
<p><a href="https://formationsyndicale.cgt.fr/wp-content/uploads/2024/11/2025-015-FD-REX-BCO-2.docx">2025 015 FD REX BCO</a></p>
<p><a href="https://formationsyndicale.cgt.fr/wp-content/uploads/2024/11/2025-015-FC-REX-BCO-2.doc">2025 015 FC REX BCO</a></p>

<p>Public Les conseillères et conseillers Prud’hommes CGT ayant suivi.e.s les formations de la session 1 – prise de mandat à la session 3 – Module 2 sur la rédaction et&hellip;&nbsp;<a href="https://formationsyndicale.cgt.fr/?tribe_events=nat-015-2025-retour-dexperience-bureau-de-conciliation-et-dorientation" rel="bookmark"><span class="screen-reader-text">NAT-015/2025 &#8211; Retour d&rsquo;expérience bureau de conciliation et d&rsquo;orientation</span></a></p>
