{"id":491,"date":"2024-11-15T16:21:14","date_gmt":"2024-11-15T15:21:14","guid":{"rendered":"https:\/\/cbf.cgt.fr\/formsynd\/?post_type=tribe_events&#038;p=491"},"modified":"2024-11-15T16:22:48","modified_gmt":"2024-11-15T15:22:48","slug":"nat-014-2025-session-2-le-formalisme-de-laudience","status":"publish","type":"tribe_events","link":"https:\/\/formationsyndicale.cgt.fr\/?tribe_events=nat-014-2025-session-2-le-formalisme-de-laudience","title":{"rendered":"NAT-014-2025 &#8211; Session 2 \/ Le formalisme de l&rsquo;audience"},"content":{"rendered":"<h5><span style=\"color: #003366;\">Public <\/span><\/h5>\n<h5><span style=\"color: #003366;\">Les Conseill\u00e8res et conseillers prud&rsquo;hommes d\u00e9sign\u00e9(e)s en cours de mandat ou n\u2019ayant pas pu participer \u00e0 la Session 2 dans leur territoire.<\/span><\/h5>\n<hr \/>\n<h4><span style=\"color: #003366;\">Les objectifs de formation <\/span><\/h4>\n<h5><span style=\"color: #003366;\">Les stagiaires seront outill\u00e9s sur la session 2 Le formalisme de l\u2019audience.<\/span><\/h5>\n<hr \/>\n<h4><a href=\"https:\/\/formationsyndicale.cgt.fr\/wp-content\/uploads\/2024\/11\/2025-014-FD-Session-2-Le-formalisme-de-l-audience.docx\">2025 014 FD Session 2 Le formalisme de l audience<\/a><\/h4>\n","protected":false},"excerpt":{"rendered":"<p>Public Les Conseill\u00e8res et conseillers prud&rsquo;hommes d\u00e9sign\u00e9(e)s en cours de mandat ou n\u2019ayant pas pu participer \u00e0 la Session 2 dans leur territoire. Les objectifs de formation Les stagiaires seront&hellip;&nbsp;<a href=\"https:\/\/formationsyndicale.cgt.fr\/?tribe_events=nat-014-2025-session-2-le-formalisme-de-laudience\" rel=\"bookmark\"><span class=\"screen-reader-text\">NAT-014-2025 &#8211; Session 2 \/ Le formalisme de l&rsquo;audience<\/span><\/a><\/p>\n","protected":false},"author":3,"featured_media":0,"template":"","meta":{"neve_meta_sidebar":"","neve_meta_container":"","neve_meta_enable_content_width":"","neve_meta_content_width":0,"neve_meta_title_alignment":"","neve_meta_author_avatar":"","neve_post_elements_order":"","neve_meta_disable_header":"","neve_meta_disable_footer":"","neve_meta_disable_title":"","_tribe_events_status":"","_tribe_events_status_reason":"","footnotes":""},"tags":[],"tribe_events_cat":[39],"class_list":["post-491","tribe_events","type-tribe_events","status-publish","hentry","tribe_events_cat-outiller-mandat","cat_outiller-mandat"],"_links":{"self":[{"href":"https:\/\/formationsyndicale.cgt.fr\/index.php?rest_route=\/wp\/v2\/tribe_events\/491","targetHints":{"allow":["GET"]}}],"collection":[{"href":"https:\/\/formationsyndicale.cgt.fr\/index.php?rest_route=\/wp\/v2\/tribe_events"}],"about":[{"href":"https:\/\/formationsyndicale.cgt.fr\/index.php?rest_route=\/wp\/v2\/types\/tribe_events"}],"author":[{"embeddable":true,"href":"https:\/\/formationsyndicale.cgt.fr\/index.php?rest_route=\/wp\/v2\/users\/3"}],"version-history":[{"count":1,"href":"https:\/\/formationsyndicale.cgt.fr\/index.php?rest_route=\/wp\/v2\/tribe_events\/491\/revisions"}],"predecessor-version":[{"id":492,"href":"https:\/\/formationsyndicale.cgt.fr\/index.php?rest_route=\/wp\/v2\/tribe_events\/491\/revisions\/492"}],"wp:attachment":[{"href":"https:\/\/formationsyndicale.cgt.fr\/index.php?rest_route=%2Fwp%2Fv2%2Fmedia&parent=491"}],"wp:term":[{"taxonomy":"post_tag","embeddable":true,"href":"https:\/\/formationsyndicale.cgt.fr\/index.php?rest_route=%2Fwp%2Fv2%2Ftags&post=491"},{"taxonomy":"tribe_events_cat","embeddable":true,"href":"https:\/\/formationsyndicale.cgt.fr\/index.php?rest_route=%2Fwp%2Fv2%2Ftribe_events_cat&post=491"}],"curies":[{"name":"wp","href":"https:\/\/api.w.org\/{rel}","templated":true}]}}

<h5><span style="color: #003366;">Public </span></h5>
<h5><span style="color: #003366;">Les Conseillères et conseillers prud&rsquo;hommes désigné(e)s en cours de mandat ou n’ayant pas pu participer à la Session 2 dans leur territoire.</span></h5>
<hr />
<h4><span style="color: #003366;">Les objectifs de formation </span></h4>
<h5><span style="color: #003366;">Les stagiaires seront outillés sur la session 2 Le formalisme de l’audience.</span></h5>
<hr />
<h4><a href="https://formationsyndicale.cgt.fr/wp-content/uploads/2024/11/2025-014-FD-Session-2-Le-formalisme-de-l-audience.docx">2025 014 FD Session 2 Le formalisme de l audience</a></h4>

<p>Public Les Conseillères et conseillers prud&rsquo;hommes désigné(e)s en cours de mandat ou n’ayant pas pu participer à la Session 2 dans leur territoire. Les objectifs de formation Les stagiaires seront&hellip;&nbsp;<a href="https://formationsyndicale.cgt.fr/?tribe_events=nat-014-2025-session-2-le-formalisme-de-laudience" rel="bookmark"><span class="screen-reader-text">NAT-014-2025 &#8211; Session 2 / Le formalisme de l&rsquo;audience</span></a></p>
