{"id":464,"date":"2024-11-15T16:05:54","date_gmt":"2024-11-15T15:05:54","guid":{"rendered":"https:\/\/cbf.cgt.fr\/formsynd\/?post_type=tribe_events&#038;p=464"},"modified":"2024-11-15T16:06:09","modified_gmt":"2024-11-15T15:06:09","slug":"nat-012-2025-remuneration-salaire","status":"publish","type":"tribe_events","link":"https:\/\/formationsyndicale.cgt.fr\/?tribe_events=nat-012-2025-remuneration-salaire","title":{"rendered":"NAT-012\/2025 &#8211; R\u00e9mun\u00e9ration \/ Salaire"},"content":{"rendered":"<h4><span style=\"color: #003366;\">Public <\/span><\/h4>\n<h5><span style=\"color: #003366;\">Les Conseill\u00e8res et conseillers Prud\u2019hommes d\u00e9sign\u00e9.e.s par leur Union D\u00e9partementale et ayant suivi le cursus PRUDIS jusqu\u2019\u00e0 la session 3-module 2 incluse.<\/span><\/h5>\n<hr \/>\n<h4><span style=\"color: #003366;\">Les objectifs de formation<\/span><\/h4>\n<h5><span style=\"color: #003366;\">Les stagiaires seront outill\u00e9.e.s pour traiter les litiges au conseil des prud\u2019hommes sur les questions de r\u00e9mun\u00e9ration et salaire.<\/span><\/h5>\n<hr \/>\n<p><a href=\"https:\/\/formationsyndicale.cgt.fr\/wp-content\/uploads\/2024\/11\/2025-012-FD-Remuneration-Salaire.docx\">2025 012 FD Remuneration Salaire<\/a><\/p>\n<p><a href=\"https:\/\/formationsyndicale.cgt.fr\/wp-content\/uploads\/2024\/11\/2025-012-FC-Remuneration-Salaire.docx\">2025 012 FC R\u00e9mun\u00e9ration &#8211; Salaire<\/a><\/p>\n","protected":false},"excerpt":{"rendered":"<p>Public Les Conseill\u00e8res et conseillers Prud\u2019hommes d\u00e9sign\u00e9.e.s par leur Union D\u00e9partementale et ayant suivi le cursus PRUDIS jusqu\u2019\u00e0 la session 3-module 2 incluse. Les objectifs de formation Les stagiaires seront&hellip;&nbsp;<a href=\"https:\/\/formationsyndicale.cgt.fr\/?tribe_events=nat-012-2025-remuneration-salaire\" rel=\"bookmark\"><span class=\"screen-reader-text\">NAT-012\/2025 &#8211; R\u00e9mun\u00e9ration \/ Salaire<\/span><\/a><\/p>\n","protected":false},"author":3,"featured_media":0,"template":"","meta":{"neve_meta_sidebar":"","neve_meta_container":"","neve_meta_enable_content_width":"","neve_meta_content_width":0,"neve_meta_title_alignment":"","neve_meta_author_avatar":"","neve_post_elements_order":"","neve_meta_disable_header":"","neve_meta_disable_footer":"","neve_meta_disable_title":"","_tribe_events_status":"","_tribe_events_status_reason":"","footnotes":""},"tags":[],"tribe_events_cat":[39],"class_list":["post-464","tribe_events","type-tribe_events","status-publish","hentry","tribe_events_cat-outiller-mandat","cat_outiller-mandat"],"_links":{"self":[{"href":"https:\/\/formationsyndicale.cgt.fr\/index.php?rest_route=\/wp\/v2\/tribe_events\/464","targetHints":{"allow":["GET"]}}],"collection":[{"href":"https:\/\/formationsyndicale.cgt.fr\/index.php?rest_route=\/wp\/v2\/tribe_events"}],"about":[{"href":"https:\/\/formationsyndicale.cgt.fr\/index.php?rest_route=\/wp\/v2\/types\/tribe_events"}],"author":[{"embeddable":true,"href":"https:\/\/formationsyndicale.cgt.fr\/index.php?rest_route=\/wp\/v2\/users\/3"}],"version-history":[{"count":1,"href":"https:\/\/formationsyndicale.cgt.fr\/index.php?rest_route=\/wp\/v2\/tribe_events\/464\/revisions"}],"predecessor-version":[{"id":465,"href":"https:\/\/formationsyndicale.cgt.fr\/index.php?rest_route=\/wp\/v2\/tribe_events\/464\/revisions\/465"}],"wp:attachment":[{"href":"https:\/\/formationsyndicale.cgt.fr\/index.php?rest_route=%2Fwp%2Fv2%2Fmedia&parent=464"}],"wp:term":[{"taxonomy":"post_tag","embeddable":true,"href":"https:\/\/formationsyndicale.cgt.fr\/index.php?rest_route=%2Fwp%2Fv2%2Ftags&post=464"},{"taxonomy":"tribe_events_cat","embeddable":true,"href":"https:\/\/formationsyndicale.cgt.fr\/index.php?rest_route=%2Fwp%2Fv2%2Ftribe_events_cat&post=464"}],"curies":[{"name":"wp","href":"https:\/\/api.w.org\/{rel}","templated":true}]}}

NAT-012/2025 &#8211; Rémunération / Salaire

<h4><span style="color: #003366;">Public </span></h4>
<h5><span style="color: #003366;">Les Conseillères et conseillers Prud’hommes désigné.e.s par leur Union Départementale et ayant suivi le cursus PRUDIS jusqu’à la session 3-module 2 incluse.</span></h5>
<hr />
<h4><span style="color: #003366;">Les objectifs de formation</span></h4>
<h5><span style="color: #003366;">Les stagiaires seront outillé.e.s pour traiter les litiges au conseil des prud’hommes sur les questions de rémunération et salaire.</span></h5>
<hr />
<p><a href="https://formationsyndicale.cgt.fr/wp-content/uploads/2024/11/2025-012-FD-Remuneration-Salaire.docx">2025 012 FD Remuneration Salaire</a></p>
<p><a href="https://formationsyndicale.cgt.fr/wp-content/uploads/2024/11/2025-012-FC-Remuneration-Salaire.docx">2025 012 FC Rémunération &#8211; Salaire</a></p>

<p>Public Les Conseillères et conseillers Prud’hommes désigné.e.s par leur Union Départementale et ayant suivi le cursus PRUDIS jusqu’à la session 3-module 2 incluse. Les objectifs de formation Les stagiaires seront&hellip;&nbsp;<a href="https://formationsyndicale.cgt.fr/?tribe_events=nat-012-2025-remuneration-salaire" rel="bookmark"><span class="screen-reader-text">NAT-012/2025 &#8211; Rémunération / Salaire</span></a></p>
