{"id":456,"date":"2024-11-15T15:51:27","date_gmt":"2024-11-15T14:51:27","guid":{"rendered":"https:\/\/cbf.cgt.fr\/formsynd\/?post_type=tribe_events&#038;p=456"},"modified":"2024-11-15T15:55:34","modified_gmt":"2024-11-15T14:55:34","slug":"nat-010-2025-journees-detudes-procedures-collectives-et-garantie-de-lags","status":"publish","type":"tribe_events","link":"https:\/\/formationsyndicale.cgt.fr\/?tribe_events=nat-010-2025-journees-detudes-procedures-collectives-et-garantie-de-lags","title":{"rendered":"NAT-010\/2025 &#8211; Journ\u00e9es d&rsquo;\u00e9tudes proc\u00e9dures collectives et garantie de l&rsquo;AGS"},"content":{"rendered":"<h4 style=\"text-align: center;\"><span style=\"color: #003366;\">Formation en distanciel<\/span><\/h4>\n<h4><span style=\"color: #003366;\">Public <\/span><\/h4>\n<h5><span style=\"color: #003366;\">Les Conseill\u00e8res et conseillers Prud\u2019hommes d\u00e9sign\u00e9.e.s par leur Union D\u00e9partementale et ayant suivi le cursus PRUDIS jusqu\u2019\u00e0 la session 3-module 2 incluse.<\/span><\/h5>\n<hr \/>\n<h4><span style=\"color: #003366;\">Les objectifs de formation <\/span><\/h4>\n<h5><span style=\"color: #003366;\">Les stagiaires seront capables d\u2019expliquer les v\u00e9rifications \u00e0 effectuer en tant que juge prud\u2019hommes, dans le cadre des trois proc\u00e9dures collectives.<\/span><\/h5>\n<hr \/>\n<p><a href=\"https:\/\/formationsyndicale.cgt.fr\/wp-content\/uploads\/2024\/11\/2025-010-FD-Procedures-collectives-AGS-en-distanciel.docx\">2025 010 FD Proc\u00e9dures collectives AGS en distanciel<\/a><\/p>\n<p><a href=\"https:\/\/formationsyndicale.cgt.fr\/wp-content\/uploads\/2024\/11\/2025-010-FC-Procedures-collectives-distanciel.docx\">2025 010 FC Procedures collectives distanciel<\/a><\/p>\n","protected":false},"excerpt":{"rendered":"<p>Formation en distanciel Public Les Conseill\u00e8res et conseillers Prud\u2019hommes d\u00e9sign\u00e9.e.s par leur Union D\u00e9partementale et ayant suivi le cursus PRUDIS jusqu\u2019\u00e0 la session 3-module 2 incluse. Les objectifs de formation&hellip;&nbsp;<a href=\"https:\/\/formationsyndicale.cgt.fr\/?tribe_events=nat-010-2025-journees-detudes-procedures-collectives-et-garantie-de-lags\" rel=\"bookmark\"><span class=\"screen-reader-text\">NAT-010\/2025 &#8211; Journ\u00e9es d&rsquo;\u00e9tudes proc\u00e9dures collectives et garantie de l&rsquo;AGS<\/span><\/a><\/p>\n","protected":false},"author":3,"featured_media":0,"template":"","meta":{"neve_meta_sidebar":"","neve_meta_container":"","neve_meta_enable_content_width":"","neve_meta_content_width":0,"neve_meta_title_alignment":"","neve_meta_author_avatar":"","neve_post_elements_order":"","neve_meta_disable_header":"","neve_meta_disable_footer":"","neve_meta_disable_title":"","_tribe_events_status":"","_tribe_events_status_reason":"","footnotes":""},"tags":[],"tribe_events_cat":[39],"class_list":["post-456","tribe_events","type-tribe_events","status-publish","hentry","tribe_events_cat-outiller-mandat","cat_outiller-mandat"],"_links":{"self":[{"href":"https:\/\/formationsyndicale.cgt.fr\/index.php?rest_route=\/wp\/v2\/tribe_events\/456","targetHints":{"allow":["GET"]}}],"collection":[{"href":"https:\/\/formationsyndicale.cgt.fr\/index.php?rest_route=\/wp\/v2\/tribe_events"}],"about":[{"href":"https:\/\/formationsyndicale.cgt.fr\/index.php?rest_route=\/wp\/v2\/types\/tribe_events"}],"author":[{"embeddable":true,"href":"https:\/\/formationsyndicale.cgt.fr\/index.php?rest_route=\/wp\/v2\/users\/3"}],"version-history":[{"count":3,"href":"https:\/\/formationsyndicale.cgt.fr\/index.php?rest_route=\/wp\/v2\/tribe_events\/456\/revisions"}],"predecessor-version":[{"id":460,"href":"https:\/\/formationsyndicale.cgt.fr\/index.php?rest_route=\/wp\/v2\/tribe_events\/456\/revisions\/460"}],"wp:attachment":[{"href":"https:\/\/formationsyndicale.cgt.fr\/index.php?rest_route=%2Fwp%2Fv2%2Fmedia&parent=456"}],"wp:term":[{"taxonomy":"post_tag","embeddable":true,"href":"https:\/\/formationsyndicale.cgt.fr\/index.php?rest_route=%2Fwp%2Fv2%2Ftags&post=456"},{"taxonomy":"tribe_events_cat","embeddable":true,"href":"https:\/\/formationsyndicale.cgt.fr\/index.php?rest_route=%2Fwp%2Fv2%2Ftribe_events_cat&post=456"}],"curies":[{"name":"wp","href":"https:\/\/api.w.org\/{rel}","templated":true}]}}

NAT-010/2025 &#8211; Journées d&rsquo;études procédures collectives et garantie de l&rsquo;AGS

<h4 style="text-align: center;"><span style="color: #003366;">Formation en distanciel</span></h4>
<h4><span style="color: #003366;">Public </span></h4>
<h5><span style="color: #003366;">Les Conseillères et conseillers Prud’hommes désigné.e.s par leur Union Départementale et ayant suivi le cursus PRUDIS jusqu’à la session 3-module 2 incluse.</span></h5>
<hr />
<h4><span style="color: #003366;">Les objectifs de formation </span></h4>
<h5><span style="color: #003366;">Les stagiaires seront capables d’expliquer les vérifications à effectuer en tant que juge prud’hommes, dans le cadre des trois procédures collectives.</span></h5>
<hr />
<p><a href="https://formationsyndicale.cgt.fr/wp-content/uploads/2024/11/2025-010-FD-Procedures-collectives-AGS-en-distanciel.docx">2025 010 FD Procédures collectives AGS en distanciel</a></p>
<p><a href="https://formationsyndicale.cgt.fr/wp-content/uploads/2024/11/2025-010-FC-Procedures-collectives-distanciel.docx">2025 010 FC Procedures collectives distanciel</a></p>

<p>Formation en distanciel Public Les Conseillères et conseillers Prud’hommes désigné.e.s par leur Union Départementale et ayant suivi le cursus PRUDIS jusqu’à la session 3-module 2 incluse. Les objectifs de formation&hellip;&nbsp;<a href="https://formationsyndicale.cgt.fr/?tribe_events=nat-010-2025-journees-detudes-procedures-collectives-et-garantie-de-lags" rel="bookmark"><span class="screen-reader-text">NAT-010/2025 &#8211; Journées d&rsquo;études procédures collectives et garantie de l&rsquo;AGS</span></a></p>
