{"id":434,"date":"2024-11-15T15:12:18","date_gmt":"2024-11-15T14:12:18","guid":{"rendered":"https:\/\/cbf.cgt.fr\/formsynd\/?post_type=tribe_events&#038;p=434"},"modified":"2025-05-07T14:53:19","modified_gmt":"2025-05-07T12:53:19","slug":"n-0259-2025-elaborer-une-action-de-formation-specifique","status":"publish","type":"tribe_events","link":"https:\/\/formationsyndicale.cgt.fr\/?tribe_events=n-0259-2025-elaborer-une-action-de-formation-specifique","title":{"rendered":"N\u00b0 0259\/2025 &#8211; \u00c9laborer une action de formation sp\u00e9cifique"},"content":{"rendered":"<h4><span style=\"color: #003366;\"><strong><u>Public<\/u><\/strong><strong><br \/>\n<\/strong><\/span><\/h4>\n<h5><span style=\"color: #003366;\">Tous responsables de formation syndicale et formateur.rice.s qui ont \u00e0 concevoir localement des actions de formations non existantes dans l&rsquo;offre conf\u00e9d\u00e9rale.<\/span><\/h5>\n<hr \/>\n<h4><span style=\"color: #003366;\"><u>Les objectifs de formation<\/u> <\/span><\/h4>\n<h5><span style=\"color: #003366;\">Les stagiaires seront capables d\u2019identifier les d\u00e9marches m\u00e9thodologiques \u00e0 mettre en \u0153uvre pour construire une action de formation.<\/span><\/h5>\n<hr \/>\n<h5><a href=\"https:\/\/formationsyndicale.cgt.fr\/wp-content\/uploads\/2024\/11\/FD-Elaborer-action-de-formation-11-25-1.docx\">FD &#8211; Elaborer action de formation 11-25<\/a><\/h5>\n<h5><a href=\"https:\/\/formationsyndicale.cgt.fr\/wp-content\/uploads\/2024\/11\/FC-Elaborer-action-de-formation-1125.docx\">FC &#8211; Elaborer action de formation &#8211; 1125<\/a><\/h5>\n","protected":false},"excerpt":{"rendered":"<p>Public Tous responsables de formation syndicale et formateur.rice.s qui ont \u00e0 concevoir localement des actions de formations non existantes dans l&rsquo;offre conf\u00e9d\u00e9rale. Les objectifs de formation Les stagiaires seront capables&hellip;&nbsp;<a href=\"https:\/\/formationsyndicale.cgt.fr\/?tribe_events=n-0259-2025-elaborer-une-action-de-formation-specifique\" rel=\"bookmark\"><span class=\"screen-reader-text\">N\u00b0 0259\/2025 &#8211; \u00c9laborer une action de formation sp\u00e9cifique<\/span><\/a><\/p>\n","protected":false},"author":3,"featured_media":0,"template":"","meta":{"neve_meta_sidebar":"","neve_meta_container":"","neve_meta_enable_content_width":"","neve_meta_content_width":0,"neve_meta_title_alignment":"","neve_meta_author_avatar":"","neve_post_elements_order":"","neve_meta_disable_header":"","neve_meta_disable_footer":"","neve_meta_disable_title":"","_tribe_events_status":"","_tribe_events_status_reason":"","footnotes":""},"tags":[],"tribe_events_cat":[40],"class_list":["post-434","tribe_events","type-tribe_events","status-publish","hentry","tribe_events_cat-outiller-responsabilite","cat_outiller-responsabilite"],"_links":{"self":[{"href":"https:\/\/formationsyndicale.cgt.fr\/index.php?rest_route=\/wp\/v2\/tribe_events\/434","targetHints":{"allow":["GET"]}}],"collection":[{"href":"https:\/\/formationsyndicale.cgt.fr\/index.php?rest_route=\/wp\/v2\/tribe_events"}],"about":[{"href":"https:\/\/formationsyndicale.cgt.fr\/index.php?rest_route=\/wp\/v2\/types\/tribe_events"}],"author":[{"embeddable":true,"href":"https:\/\/formationsyndicale.cgt.fr\/index.php?rest_route=\/wp\/v2\/users\/3"}],"version-history":[{"count":4,"href":"https:\/\/formationsyndicale.cgt.fr\/index.php?rest_route=\/wp\/v2\/tribe_events\/434\/revisions"}],"predecessor-version":[{"id":1074,"href":"https:\/\/formationsyndicale.cgt.fr\/index.php?rest_route=\/wp\/v2\/tribe_events\/434\/revisions\/1074"}],"wp:attachment":[{"href":"https:\/\/formationsyndicale.cgt.fr\/index.php?rest_route=%2Fwp%2Fv2%2Fmedia&parent=434"}],"wp:term":[{"taxonomy":"post_tag","embeddable":true,"href":"https:\/\/formationsyndicale.cgt.fr\/index.php?rest_route=%2Fwp%2Fv2%2Ftags&post=434"},{"taxonomy":"tribe_events_cat","embeddable":true,"href":"https:\/\/formationsyndicale.cgt.fr\/index.php?rest_route=%2Fwp%2Fv2%2Ftribe_events_cat&post=434"}],"curies":[{"name":"wp","href":"https:\/\/api.w.org\/{rel}","templated":true}]}}

N° 0259/2025 &#8211; Élaborer une action de formation spécifique

<h4><span style="color: #003366;"><strong><u>Public</u></strong><strong><br />
</strong></span></h4>
<h5><span style="color: #003366;">Tous responsables de formation syndicale et formateur.rice.s qui ont à concevoir localement des actions de formations non existantes dans l&rsquo;offre confédérale.</span></h5>
<hr />
<h4><span style="color: #003366;"><u>Les objectifs de formation</u> </span></h4>
<h5><span style="color: #003366;">Les stagiaires seront capables d’identifier les démarches méthodologiques à mettre en œuvre pour construire une action de formation.</span></h5>
<hr />
<h5><a href="https://formationsyndicale.cgt.fr/wp-content/uploads/2024/11/FD-Elaborer-action-de-formation-11-25-1.docx">FD &#8211; Elaborer action de formation 11-25</a></h5>
<h5><a href="https://formationsyndicale.cgt.fr/wp-content/uploads/2024/11/FC-Elaborer-action-de-formation-1125.docx">FC &#8211; Elaborer action de formation &#8211; 1125</a></h5>

<p>Public Tous responsables de formation syndicale et formateur.rice.s qui ont à concevoir localement des actions de formations non existantes dans l&rsquo;offre confédérale. Les objectifs de formation Les stagiaires seront capables&hellip;&nbsp;<a href="https://formationsyndicale.cgt.fr/?tribe_events=n-0259-2025-elaborer-une-action-de-formation-specifique" rel="bookmark"><span class="screen-reader-text">N° 0259/2025 &#8211; Élaborer une action de formation spécifique</span></a></p>
