{"id":419,"date":"2024-11-15T14:54:50","date_gmt":"2024-11-15T13:54:50","guid":{"rendered":"https:\/\/cbf.cgt.fr\/formsynd\/?post_type=tribe_events&#038;p=419"},"modified":"2025-05-07T14:12:58","modified_gmt":"2025-05-07T12:12:58","slug":"n-0255-2025-animer-une-action-de-formation","status":"publish","type":"tribe_events","link":"https:\/\/formationsyndicale.cgt.fr\/?tribe_events=n-0255-2025-animer-une-action-de-formation","title":{"rendered":"N\u00b0 0255\/2025 &#8211; Animer une action de formation"},"content":{"rendered":"<h4><span style=\"color: #003366;\"><strong><u>Public<\/u><\/strong><strong><br \/>\n<\/strong><\/span><\/h4>\n<h5><span style=\"color: #003366;\">Animateur.rice.s de formation ayant en charge l\u2019organisation et la conduite d\u2019une action de formation institutionnelle et sp\u00e9cifique.<\/span><\/h5>\n<hr \/>\n<h4><span style=\"color: #003366;\"><strong><u>Les objectifs de formation<\/u><\/strong><strong><br \/>\n<\/strong><\/span><\/h4>\n<h5><span style=\"color: #003366;\">Les stagiaires seront capables d\u2019identifier les fondamentaux de la conduite d\u2019une action de formation : se centrer sur les acquisitions \u00e0 faire faire par une p\u00e9dagogie adapt\u00e9e et s\u2019assurer de ces acquisitions.<\/span><\/h5>\n<hr \/>\n<h5><a href=\"https:\/\/formationsyndicale.cgt.fr\/wp-content\/uploads\/2024\/11\/FD-Animer-action-de-formation-10-25-1.docx\">FD &#8211; Animer action de formation &#8211; 10-25<\/a><\/h5>\n<h5><a href=\"https:\/\/formationsyndicale.cgt.fr\/wp-content\/uploads\/2024\/11\/FC-Animer-action-de-formation-10-25-1.docx\">FC &#8211; Animer action de formation &#8211; 10-25<\/a><\/h5>\n","protected":false},"excerpt":{"rendered":"<p>Public Animateur.rice.s de formation ayant en charge l\u2019organisation et la conduite d\u2019une action de formation institutionnelle et sp\u00e9cifique. Les objectifs de formation Les stagiaires seront capables d\u2019identifier les fondamentaux de&hellip;&nbsp;<a href=\"https:\/\/formationsyndicale.cgt.fr\/?tribe_events=n-0255-2025-animer-une-action-de-formation\" rel=\"bookmark\"><span class=\"screen-reader-text\">N\u00b0 0255\/2025 &#8211; Animer une action de formation<\/span><\/a><\/p>\n","protected":false},"author":3,"featured_media":0,"template":"","meta":{"neve_meta_sidebar":"","neve_meta_container":"","neve_meta_enable_content_width":"","neve_meta_content_width":0,"neve_meta_title_alignment":"","neve_meta_author_avatar":"","neve_post_elements_order":"","neve_meta_disable_header":"","neve_meta_disable_footer":"","neve_meta_disable_title":"","_tribe_events_status":"","_tribe_events_status_reason":"","footnotes":""},"tags":[],"tribe_events_cat":[],"class_list":["post-419","tribe_events","type-tribe_events","status-publish","hentry"],"_links":{"self":[{"href":"https:\/\/formationsyndicale.cgt.fr\/index.php?rest_route=\/wp\/v2\/tribe_events\/419","targetHints":{"allow":["GET"]}}],"collection":[{"href":"https:\/\/formationsyndicale.cgt.fr\/index.php?rest_route=\/wp\/v2\/tribe_events"}],"about":[{"href":"https:\/\/formationsyndicale.cgt.fr\/index.php?rest_route=\/wp\/v2\/types\/tribe_events"}],"author":[{"embeddable":true,"href":"https:\/\/formationsyndicale.cgt.fr\/index.php?rest_route=\/wp\/v2\/users\/3"}],"version-history":[{"count":7,"href":"https:\/\/formationsyndicale.cgt.fr\/index.php?rest_route=\/wp\/v2\/tribe_events\/419\/revisions"}],"predecessor-version":[{"id":1062,"href":"https:\/\/formationsyndicale.cgt.fr\/index.php?rest_route=\/wp\/v2\/tribe_events\/419\/revisions\/1062"}],"wp:attachment":[{"href":"https:\/\/formationsyndicale.cgt.fr\/index.php?rest_route=%2Fwp%2Fv2%2Fmedia&parent=419"}],"wp:term":[{"taxonomy":"post_tag","embeddable":true,"href":"https:\/\/formationsyndicale.cgt.fr\/index.php?rest_route=%2Fwp%2Fv2%2Ftags&post=419"},{"taxonomy":"tribe_events_cat","embeddable":true,"href":"https:\/\/formationsyndicale.cgt.fr\/index.php?rest_route=%2Fwp%2Fv2%2Ftribe_events_cat&post=419"}],"curies":[{"name":"wp","href":"https:\/\/api.w.org\/{rel}","templated":true}]}}

<h4><span style="color: #003366;"><strong><u>Public</u></strong><strong><br />
</strong></span></h4>
<h5><span style="color: #003366;">Animateur.rice.s de formation ayant en charge l’organisation et la conduite d’une action de formation institutionnelle et spécifique.</span></h5>
<hr />
<h4><span style="color: #003366;"><strong><u>Les objectifs de formation</u></strong><strong><br />
</strong></span></h4>
<h5><span style="color: #003366;">Les stagiaires seront capables d’identifier les fondamentaux de la conduite d’une action de formation : se centrer sur les acquisitions à faire faire par une pédagogie adaptée et s’assurer de ces acquisitions.</span></h5>
<hr />
<h5><a href="https://formationsyndicale.cgt.fr/wp-content/uploads/2024/11/FD-Animer-action-de-formation-10-25-1.docx">FD &#8211; Animer action de formation &#8211; 10-25</a></h5>
<h5><a href="https://formationsyndicale.cgt.fr/wp-content/uploads/2024/11/FC-Animer-action-de-formation-10-25-1.docx">FC &#8211; Animer action de formation &#8211; 10-25</a></h5>

<p>Public Animateur.rice.s de formation ayant en charge l’organisation et la conduite d’une action de formation institutionnelle et spécifique. Les objectifs de formation Les stagiaires seront capables d’identifier les fondamentaux de&hellip;&nbsp;<a href="https://formationsyndicale.cgt.fr/?tribe_events=n-0255-2025-animer-une-action-de-formation" rel="bookmark"><span class="screen-reader-text">N° 0255/2025 &#8211; Animer une action de formation</span></a></p>
