{"id":407,"date":"2024-11-15T14:33:59","date_gmt":"2024-11-15T13:33:59","guid":{"rendered":"https:\/\/cbf.cgt.fr\/formsynd\/?post_type=tribe_events&#038;p=407"},"modified":"2025-05-07T14:05:18","modified_gmt":"2025-05-07T12:05:18","slug":"n-0252-2025-responsable-formation-syndicale-module-1","status":"publish","type":"tribe_events","link":"https:\/\/formationsyndicale.cgt.fr\/?tribe_events=n-0252-2025-responsable-formation-syndicale-module-1","title":{"rendered":"N\u00b0 0252\/2025 &#8211; Responsable formation syndicale \/ Module 1"},"content":{"rendered":"<h4><span style=\"color: #003366;\"><strong><u>Public<\/u><\/strong><strong><br \/>\n<\/strong><\/span><\/h4>\n<h5><span style=\"color: #003366;\">Responsables de la formation syndicale des unions d\u00e9partementales, des f\u00e9d\u00e9rations et des comit\u00e9s r\u00e9gionaux.<\/span><\/h5>\n<hr \/>\n<h4><span style=\"color: #003366;\"><strong><u>Les objectifs de formation<\/u><\/strong><strong><br \/>\n<\/strong><\/span><\/h4>\n<h5><span style=\"color: #003366;\">\u00c0 l&rsquo;issue de la formation, les stagiaires seront en capacit\u00e9 :<\/span><\/h5>\n<h5><span style=\"color: #003366;\">D\u2019\u00e9noncer les principes de la d\u00e9marche p\u00e9dagogique de la CGT\u00a0;<\/span><br \/>\n<span style=\"color: #003366;\">De d\u00e9finir les r\u00f4les et missions du responsable de la formation syndicale et d\u2019identifier les outils n\u00e9cessaires \u00e0 la r\u00e9alisation de ces missions ;<\/span><br \/>\n<span style=\"color: #003366;\">D\u2019\u00e9noncer les ressources et m\u00e9thodes pour mettre en \u0153uvre le projet p\u00e9dagogique.<\/span><\/h5>\n<hr \/>\n<h5><a href=\"https:\/\/formationsyndicale.cgt.fr\/wp-content\/uploads\/2024\/11\/FD-RFS-1-0925-1.docx\">FD &#8211; RFS 1 &#8211; 0925<\/a><\/h5>\n<h5><a href=\"https:\/\/formationsyndicale.cgt.fr\/wp-content\/uploads\/2024\/11\/FC-RFS-1-0925-1.docx\">FC &#8211; RFS 1 &#8211; 0925<\/a><\/h5>\n<p>&nbsp;<\/p>\n","protected":false},"excerpt":{"rendered":"<p>Public Responsables de la formation syndicale des unions d\u00e9partementales, des f\u00e9d\u00e9rations et des comit\u00e9s r\u00e9gionaux. Les objectifs de formation \u00c0 l&rsquo;issue de la formation, les stagiaires seront en capacit\u00e9 :&hellip;&nbsp;<a href=\"https:\/\/formationsyndicale.cgt.fr\/?tribe_events=n-0252-2025-responsable-formation-syndicale-module-1\" rel=\"bookmark\"><span class=\"screen-reader-text\">N\u00b0 0252\/2025 &#8211; Responsable formation syndicale \/ Module 1<\/span><\/a><\/p>\n","protected":false},"author":3,"featured_media":0,"template":"","meta":{"neve_meta_sidebar":"","neve_meta_container":"","neve_meta_enable_content_width":"","neve_meta_content_width":0,"neve_meta_title_alignment":"","neve_meta_author_avatar":"","neve_post_elements_order":"","neve_meta_disable_header":"","neve_meta_disable_footer":"","neve_meta_disable_title":"","_tribe_events_status":"","_tribe_events_status_reason":"","footnotes":""},"tags":[],"tribe_events_cat":[40],"class_list":["post-407","tribe_events","type-tribe_events","status-publish","hentry","tribe_events_cat-outiller-responsabilite","cat_outiller-responsabilite"],"_links":{"self":[{"href":"https:\/\/formationsyndicale.cgt.fr\/index.php?rest_route=\/wp\/v2\/tribe_events\/407","targetHints":{"allow":["GET"]}}],"collection":[{"href":"https:\/\/formationsyndicale.cgt.fr\/index.php?rest_route=\/wp\/v2\/tribe_events"}],"about":[{"href":"https:\/\/formationsyndicale.cgt.fr\/index.php?rest_route=\/wp\/v2\/types\/tribe_events"}],"author":[{"embeddable":true,"href":"https:\/\/formationsyndicale.cgt.fr\/index.php?rest_route=\/wp\/v2\/users\/3"}],"version-history":[{"count":6,"href":"https:\/\/formationsyndicale.cgt.fr\/index.php?rest_route=\/wp\/v2\/tribe_events\/407\/revisions"}],"predecessor-version":[{"id":1054,"href":"https:\/\/formationsyndicale.cgt.fr\/index.php?rest_route=\/wp\/v2\/tribe_events\/407\/revisions\/1054"}],"wp:attachment":[{"href":"https:\/\/formationsyndicale.cgt.fr\/index.php?rest_route=%2Fwp%2Fv2%2Fmedia&parent=407"}],"wp:term":[{"taxonomy":"post_tag","embeddable":true,"href":"https:\/\/formationsyndicale.cgt.fr\/index.php?rest_route=%2Fwp%2Fv2%2Ftags&post=407"},{"taxonomy":"tribe_events_cat","embeddable":true,"href":"https:\/\/formationsyndicale.cgt.fr\/index.php?rest_route=%2Fwp%2Fv2%2Ftribe_events_cat&post=407"}],"curies":[{"name":"wp","href":"https:\/\/api.w.org\/{rel}","templated":true}]}}

<h4><span style="color: #003366;"><strong><u>Public</u></strong><strong><br />
</strong></span></h4>
<h5><span style="color: #003366;">Responsables de la formation syndicale des unions départementales, des fédérations et des comités régionaux.</span></h5>
<hr />
<h4><span style="color: #003366;"><strong><u>Les objectifs de formation</u></strong><strong><br />
</strong></span></h4>
<h5><span style="color: #003366;">À l&rsquo;issue de la formation, les stagiaires seront en capacité :</span></h5>
<h5><span style="color: #003366;">D’énoncer les principes de la démarche pédagogique de la CGT ;</span><br />
<span style="color: #003366;">De définir les rôles et missions du responsable de la formation syndicale et d’identifier les outils nécessaires à la réalisation de ces missions ;</span><br />
<span style="color: #003366;">D’énoncer les ressources et méthodes pour mettre en œuvre le projet pédagogique.</span></h5>
<hr />
<h5><a href="https://formationsyndicale.cgt.fr/wp-content/uploads/2024/11/FD-RFS-1-0925-1.docx">FD &#8211; RFS 1 &#8211; 0925</a></h5>
<h5><a href="https://formationsyndicale.cgt.fr/wp-content/uploads/2024/11/FC-RFS-1-0925-1.docx">FC &#8211; RFS 1 &#8211; 0925</a></h5>
<p>&nbsp;</p>

<p>Public Responsables de la formation syndicale des unions départementales, des fédérations et des comités régionaux. Les objectifs de formation À l&rsquo;issue de la formation, les stagiaires seront en capacité :&hellip;&nbsp;<a href="https://formationsyndicale.cgt.fr/?tribe_events=n-0252-2025-responsable-formation-syndicale-module-1" rel="bookmark"><span class="screen-reader-text">N° 0252/2025 &#8211; Responsable formation syndicale / Module 1</span></a></p>
