{"id":361,"date":"2024-11-15T12:17:39","date_gmt":"2024-11-15T11:17:39","guid":{"rendered":"https:\/\/cbf.cgt.fr\/formsynd\/?post_type=tribe_events&#038;p=361"},"modified":"2025-08-13T16:01:01","modified_gmt":"2025-08-13T14:01:01","slug":"n-0232-2025-politique-financiere","status":"publish","type":"tribe_events","link":"https:\/\/formationsyndicale.cgt.fr\/?tribe_events=n-0232-2025-politique-financiere","title":{"rendered":"N\u00b0 0232\/2025 &#8211; Politique financi\u00e8re"},"content":{"rendered":"<h4><span style=\"color: #003366;\">Public <\/span><\/h4>\n<h5><span style=\"color: #003366;\">Les responsables de la politique financi\u00e8re des Unions D\u00e9partementales, des Comit\u00e9s R\u00e9gionaux et des F\u00e9d\u00e9rations.<\/span><\/h5>\n<hr \/>\n<h4><span style=\"color: #003366;\">Les objectifs de formation <\/span><\/h4>\n<h5><span style=\"color: #003366;\">\u00c0 la fin de la formation, les stagiaires seront capables de d\u00e9finir tout ce qui fait la politique financi\u00e8re de leur organisation.<\/span><\/h5>\n<hr \/>\n<h5><a href=\"https:\/\/formationsyndicale.cgt.fr\/wp-content\/uploads\/2024\/11\/FD-Politique-financiere-0925.docx\">FD &#8211; Politique financi\u00e8re &#8211; 0925<\/a><\/h5>\n<h5><a href=\"https:\/\/formationsyndicale.cgt.fr\/wp-content\/uploads\/2024\/11\/FC-Politique-financiere-0925.docx\">FC &#8211; Politique financi\u00e8re &#8211; 0925<\/a><\/h5>\n","protected":false},"excerpt":{"rendered":"<p>Public Les responsables de la politique financi\u00e8re des Unions D\u00e9partementales, des Comit\u00e9s R\u00e9gionaux et des F\u00e9d\u00e9rations. Les objectifs de formation \u00c0 la fin de la formation, les stagiaires seront capables&hellip;&nbsp;<a href=\"https:\/\/formationsyndicale.cgt.fr\/?tribe_events=n-0232-2025-politique-financiere\" rel=\"bookmark\"><span class=\"screen-reader-text\">N\u00b0 0232\/2025 &#8211; Politique financi\u00e8re<\/span><\/a><\/p>\n","protected":false},"author":3,"featured_media":0,"template":"","meta":{"neve_meta_sidebar":"","neve_meta_container":"","neve_meta_enable_content_width":"","neve_meta_content_width":0,"neve_meta_title_alignment":"","neve_meta_author_avatar":"","neve_post_elements_order":"","neve_meta_disable_header":"","neve_meta_disable_footer":"","neve_meta_disable_title":"","_tribe_events_status":"","_tribe_events_status_reason":"","footnotes":""},"tags":[],"tribe_events_cat":[],"class_list":["post-361","tribe_events","type-tribe_events","status-publish","hentry"],"_links":{"self":[{"href":"https:\/\/formationsyndicale.cgt.fr\/index.php?rest_route=\/wp\/v2\/tribe_events\/361","targetHints":{"allow":["GET"]}}],"collection":[{"href":"https:\/\/formationsyndicale.cgt.fr\/index.php?rest_route=\/wp\/v2\/tribe_events"}],"about":[{"href":"https:\/\/formationsyndicale.cgt.fr\/index.php?rest_route=\/wp\/v2\/types\/tribe_events"}],"author":[{"embeddable":true,"href":"https:\/\/formationsyndicale.cgt.fr\/index.php?rest_route=\/wp\/v2\/users\/3"}],"version-history":[{"count":4,"href":"https:\/\/formationsyndicale.cgt.fr\/index.php?rest_route=\/wp\/v2\/tribe_events\/361\/revisions"}],"predecessor-version":[{"id":1166,"href":"https:\/\/formationsyndicale.cgt.fr\/index.php?rest_route=\/wp\/v2\/tribe_events\/361\/revisions\/1166"}],"wp:attachment":[{"href":"https:\/\/formationsyndicale.cgt.fr\/index.php?rest_route=%2Fwp%2Fv2%2Fmedia&parent=361"}],"wp:term":[{"taxonomy":"post_tag","embeddable":true,"href":"https:\/\/formationsyndicale.cgt.fr\/index.php?rest_route=%2Fwp%2Fv2%2Ftags&post=361"},{"taxonomy":"tribe_events_cat","embeddable":true,"href":"https:\/\/formationsyndicale.cgt.fr\/index.php?rest_route=%2Fwp%2Fv2%2Ftribe_events_cat&post=361"}],"curies":[{"name":"wp","href":"https:\/\/api.w.org\/{rel}","templated":true}]}}

N° 0232/2025 &#8211; Politique financière

<h4><span style="color: #003366;">Public </span></h4>
<h5><span style="color: #003366;">Les responsables de la politique financière des Unions Départementales, des Comités Régionaux et des Fédérations.</span></h5>
<hr />
<h4><span style="color: #003366;">Les objectifs de formation </span></h4>
<h5><span style="color: #003366;">À la fin de la formation, les stagiaires seront capables de définir tout ce qui fait la politique financière de leur organisation.</span></h5>
<hr />
<h5><a href="https://formationsyndicale.cgt.fr/wp-content/uploads/2024/11/FD-Politique-financiere-0925.docx">FD &#8211; Politique financière &#8211; 0925</a></h5>
<h5><a href="https://formationsyndicale.cgt.fr/wp-content/uploads/2024/11/FC-Politique-financiere-0925.docx">FC &#8211; Politique financière &#8211; 0925</a></h5>

<p>Public Les responsables de la politique financière des Unions Départementales, des Comités Régionaux et des Fédérations. Les objectifs de formation À la fin de la formation, les stagiaires seront capables&hellip;&nbsp;<a href="https://formationsyndicale.cgt.fr/?tribe_events=n-0232-2025-politique-financiere" rel="bookmark"><span class="screen-reader-text">N° 0232/2025 &#8211; Politique financière</span></a></p>
