{"id":345,"date":"2024-11-15T11:52:21","date_gmt":"2024-11-15T10:52:21","guid":{"rendered":"https:\/\/cbf.cgt.fr\/formsynd\/?post_type=tribe_events&#038;p=345"},"modified":"2025-04-23T09:30:26","modified_gmt":"2025-04-23T07:30:26","slug":"n-0231-2025-animatrice-animateur-vie-syndicale","status":"publish","type":"tribe_events","link":"https:\/\/formationsyndicale.cgt.fr\/?tribe_events=n-0231-2025-animatrice-animateur-vie-syndicale","title":{"rendered":"N\u00b0 0231\/2025 &#8211; Animatrice animateur vie syndicale"},"content":{"rendered":"<h4><span style=\"color: #003366;\"><u>Les objectifs de formation<\/u> <\/span><\/h4>\n<h5><span style=\"color: #003366;\">\u00c0 l\u2019issue de cette formation, les stagiaires auront la capacit\u00e9 de d\u00e9finir le r\u00f4le et les missions de l\u2019animateur ou animatrice \u00e0 la Vie syndicale et d\u2019identifier les outils n\u00e9cessaires \u00e0 la r\u00e9alisation de ces missions.<\/span><\/h5>\n<hr \/>\n<h5><a href=\"https:\/\/formationsyndicale.cgt.fr\/wp-content\/uploads\/2024\/11\/Descriptif-AVS-juin-2025.docx\">Descriptif AVS juin 2025<\/a><\/h5>\n<h5><a href=\"https:\/\/formationsyndicale.cgt.fr\/wp-content\/uploads\/2024\/11\/FC-Stage-AVS-2-6-0625.docx\">FC &#8211; Stage AVS &#8211; 2-6-0625<\/a><\/h5>\n","protected":false},"excerpt":{"rendered":"<p>Les objectifs de formation \u00c0 l\u2019issue de cette formation, les stagiaires auront la capacit\u00e9 de d\u00e9finir le r\u00f4le et les missions de l\u2019animateur ou animatrice \u00e0 la Vie syndicale et&hellip;&nbsp;<a href=\"https:\/\/formationsyndicale.cgt.fr\/?tribe_events=n-0231-2025-animatrice-animateur-vie-syndicale\" rel=\"bookmark\"><span class=\"screen-reader-text\">N\u00b0 0231\/2025 &#8211; Animatrice animateur vie syndicale<\/span><\/a><\/p>\n","protected":false},"author":3,"featured_media":0,"template":"","meta":{"neve_meta_sidebar":"","neve_meta_container":"","neve_meta_enable_content_width":"","neve_meta_content_width":0,"neve_meta_title_alignment":"","neve_meta_author_avatar":"","neve_post_elements_order":"","neve_meta_disable_header":"","neve_meta_disable_footer":"","neve_meta_disable_title":"","_tribe_events_status":"","_tribe_events_status_reason":"","footnotes":""},"tags":[],"tribe_events_cat":[40],"class_list":["post-345","tribe_events","type-tribe_events","status-publish","hentry","tribe_events_cat-outiller-responsabilite","cat_outiller-responsabilite"],"_links":{"self":[{"href":"https:\/\/formationsyndicale.cgt.fr\/index.php?rest_route=\/wp\/v2\/tribe_events\/345","targetHints":{"allow":["GET"]}}],"collection":[{"href":"https:\/\/formationsyndicale.cgt.fr\/index.php?rest_route=\/wp\/v2\/tribe_events"}],"about":[{"href":"https:\/\/formationsyndicale.cgt.fr\/index.php?rest_route=\/wp\/v2\/types\/tribe_events"}],"author":[{"embeddable":true,"href":"https:\/\/formationsyndicale.cgt.fr\/index.php?rest_route=\/wp\/v2\/users\/3"}],"version-history":[{"count":2,"href":"https:\/\/formationsyndicale.cgt.fr\/index.php?rest_route=\/wp\/v2\/tribe_events\/345\/revisions"}],"predecessor-version":[{"id":993,"href":"https:\/\/formationsyndicale.cgt.fr\/index.php?rest_route=\/wp\/v2\/tribe_events\/345\/revisions\/993"}],"wp:attachment":[{"href":"https:\/\/formationsyndicale.cgt.fr\/index.php?rest_route=%2Fwp%2Fv2%2Fmedia&parent=345"}],"wp:term":[{"taxonomy":"post_tag","embeddable":true,"href":"https:\/\/formationsyndicale.cgt.fr\/index.php?rest_route=%2Fwp%2Fv2%2Ftags&post=345"},{"taxonomy":"tribe_events_cat","embeddable":true,"href":"https:\/\/formationsyndicale.cgt.fr\/index.php?rest_route=%2Fwp%2Fv2%2Ftribe_events_cat&post=345"}],"curies":[{"name":"wp","href":"https:\/\/api.w.org\/{rel}","templated":true}]}}

<h4><span style="color: #003366;"><u>Les objectifs de formation</u> </span></h4>
<h5><span style="color: #003366;">À l’issue de cette formation, les stagiaires auront la capacité de définir le rôle et les missions de l’animateur ou animatrice à la Vie syndicale et d’identifier les outils nécessaires à la réalisation de ces missions.</span></h5>
<hr />
<h5><a href="https://formationsyndicale.cgt.fr/wp-content/uploads/2024/11/Descriptif-AVS-juin-2025.docx">Descriptif AVS juin 2025</a></h5>
<h5><a href="https://formationsyndicale.cgt.fr/wp-content/uploads/2024/11/FC-Stage-AVS-2-6-0625.docx">FC &#8211; Stage AVS &#8211; 2-6-0625</a></h5>

<p>Les objectifs de formation À l’issue de cette formation, les stagiaires auront la capacité de définir le rôle et les missions de l’animateur ou animatrice à la Vie syndicale et&hellip;&nbsp;<a href="https://formationsyndicale.cgt.fr/?tribe_events=n-0231-2025-animatrice-animateur-vie-syndicale" rel="bookmark"><span class="screen-reader-text">N° 0231/2025 &#8211; Animatrice animateur vie syndicale</span></a></p>
