{"id":341,"date":"2024-11-15T11:46:19","date_gmt":"2024-11-15T10:46:19","guid":{"rendered":"https:\/\/cbf.cgt.fr\/formsynd\/?post_type=tribe_events&#038;p=341"},"modified":"2025-01-08T11:18:22","modified_gmt":"2025-01-08T10:18:22","slug":"n-0230-2025-animation-des-luttes-securite","status":"publish","type":"tribe_events","link":"https:\/\/formationsyndicale.cgt.fr\/?tribe_events=n-0230-2025-animation-des-luttes-securite","title":{"rendered":"N\u00b0 0230\/2025 &#8211; Animation des luttes &#8211; s\u00e9curit\u00e9"},"content":{"rendered":"<h5><span style=\"color: #003366;\"><strong><u>Public<\/u><\/strong> <\/span><\/h5>\n<h5><span style=\"color: #003366;\">Les responsables du collectif Animation des Luttes, S\u00e9curit\u00e9 dans les organisations CGT. Cette formation s\u2019adresse notamment aux animateurs et aux membres des collectifs Vie syndicale.<\/span><\/h5>\n<hr \/>\n<h4><span style=\"color: #003366;\"><u>Les objectifs de formation<\/u> <\/span><\/h4>\n<h5><span style=\"color: #003366;\">\u00c0 l\u2019issue de cette formation, les stagiaires seront en capacit\u00e9 de d\u00e9finir le r\u00f4le et les <\/span><br \/>\n<span style=\"color: #003366;\">missions du responsable du collectif ALS, ainsi que d\u2019identifier et mettre en \u0153uvre les outils n\u00e9cessaires \u00e0 la r\u00e9alisation de ses missions.<\/span><\/h5>\n<hr \/>\n<p><a href=\"https:\/\/formationsyndicale.cgt.fr\/wp-content\/uploads\/2024\/11\/FD-Formation-ALS-0425.docx\">FD &#8211; Formation ALS &#8211; 0425<\/a><\/p>\n<p><a href=\"https:\/\/formationsyndicale.cgt.fr\/wp-content\/uploads\/2024\/11\/FC-Formation-ALS-14-18-0425.docx\">FC &#8211; Formation ALS &#8211; 14-18-0425<\/a><\/p>\n<p>&nbsp;<\/p>\n","protected":false},"excerpt":{"rendered":"<p>Public Les responsables du collectif Animation des Luttes, S\u00e9curit\u00e9 dans les organisations CGT. Cette formation s\u2019adresse notamment aux animateurs et aux membres des collectifs Vie syndicale. Les objectifs de formation&hellip;&nbsp;<a href=\"https:\/\/formationsyndicale.cgt.fr\/?tribe_events=n-0230-2025-animation-des-luttes-securite\" rel=\"bookmark\"><span class=\"screen-reader-text\">N\u00b0 0230\/2025 &#8211; Animation des luttes &#8211; s\u00e9curit\u00e9<\/span><\/a><\/p>\n","protected":false},"author":3,"featured_media":0,"template":"","meta":{"neve_meta_sidebar":"","neve_meta_container":"","neve_meta_enable_content_width":"","neve_meta_content_width":0,"neve_meta_title_alignment":"","neve_meta_author_avatar":"","neve_post_elements_order":"","neve_meta_disable_header":"","neve_meta_disable_footer":"","neve_meta_disable_title":"","_tribe_events_status":"","_tribe_events_status_reason":"","footnotes":""},"tags":[],"tribe_events_cat":[40],"class_list":["post-341","tribe_events","type-tribe_events","status-publish","hentry","tribe_events_cat-outiller-responsabilite","cat_outiller-responsabilite"],"_links":{"self":[{"href":"https:\/\/formationsyndicale.cgt.fr\/index.php?rest_route=\/wp\/v2\/tribe_events\/341","targetHints":{"allow":["GET"]}}],"collection":[{"href":"https:\/\/formationsyndicale.cgt.fr\/index.php?rest_route=\/wp\/v2\/tribe_events"}],"about":[{"href":"https:\/\/formationsyndicale.cgt.fr\/index.php?rest_route=\/wp\/v2\/types\/tribe_events"}],"author":[{"embeddable":true,"href":"https:\/\/formationsyndicale.cgt.fr\/index.php?rest_route=\/wp\/v2\/users\/3"}],"version-history":[{"count":3,"href":"https:\/\/formationsyndicale.cgt.fr\/index.php?rest_route=\/wp\/v2\/tribe_events\/341\/revisions"}],"predecessor-version":[{"id":747,"href":"https:\/\/formationsyndicale.cgt.fr\/index.php?rest_route=\/wp\/v2\/tribe_events\/341\/revisions\/747"}],"wp:attachment":[{"href":"https:\/\/formationsyndicale.cgt.fr\/index.php?rest_route=%2Fwp%2Fv2%2Fmedia&parent=341"}],"wp:term":[{"taxonomy":"post_tag","embeddable":true,"href":"https:\/\/formationsyndicale.cgt.fr\/index.php?rest_route=%2Fwp%2Fv2%2Ftags&post=341"},{"taxonomy":"tribe_events_cat","embeddable":true,"href":"https:\/\/formationsyndicale.cgt.fr\/index.php?rest_route=%2Fwp%2Fv2%2Ftribe_events_cat&post=341"}],"curies":[{"name":"wp","href":"https:\/\/api.w.org\/{rel}","templated":true}]}}

N° 0230/2025 &#8211; Animation des luttes &#8211; sécurité

<h5><span style="color: #003366;"><strong><u>Public</u></strong> </span></h5>
<h5><span style="color: #003366;">Les responsables du collectif Animation des Luttes, Sécurité dans les organisations CGT. Cette formation s’adresse notamment aux animateurs et aux membres des collectifs Vie syndicale.</span></h5>
<hr />
<h4><span style="color: #003366;"><u>Les objectifs de formation</u> </span></h4>
<h5><span style="color: #003366;">À l’issue de cette formation, les stagiaires seront en capacité de définir le rôle et les </span><br />
<span style="color: #003366;">missions du responsable du collectif ALS, ainsi que d’identifier et mettre en œuvre les outils nécessaires à la réalisation de ses missions.</span></h5>
<hr />
<p><a href="https://formationsyndicale.cgt.fr/wp-content/uploads/2024/11/FD-Formation-ALS-0425.docx">FD &#8211; Formation ALS &#8211; 0425</a></p>
<p><a href="https://formationsyndicale.cgt.fr/wp-content/uploads/2024/11/FC-Formation-ALS-14-18-0425.docx">FC &#8211; Formation ALS &#8211; 14-18-0425</a></p>
<p>&nbsp;</p>

<p>Public Les responsables du collectif Animation des Luttes, Sécurité dans les organisations CGT. Cette formation s’adresse notamment aux animateurs et aux membres des collectifs Vie syndicale. Les objectifs de formation&hellip;&nbsp;<a href="https://formationsyndicale.cgt.fr/?tribe_events=n-0230-2025-animation-des-luttes-securite" rel="bookmark"><span class="screen-reader-text">N° 0230/2025 &#8211; Animation des luttes &#8211; sécurité</span></a></p>
