{"id":316,"date":"2024-11-14T09:29:45","date_gmt":"2024-11-14T08:29:45","guid":{"rendered":"https:\/\/cbf.cgt.fr\/formsynd\/?post_type=tribe_events&#038;p=316"},"modified":"2024-11-15T11:53:41","modified_gmt":"2024-11-15T10:53:41","slug":"n-nat-006-2025-session-1-prise-de-mandat","status":"publish","type":"tribe_events","link":"https:\/\/formationsyndicale.cgt.fr\/?tribe_events=n-nat-006-2025-session-1-prise-de-mandat","title":{"rendered":"N\u00b0 NAT-006\/2025 &#8211; Session 1 &#8211; Prise de mandat"},"content":{"rendered":"<h4><span style=\"color: #003366;\">Public<\/span><\/h4>\n<h5><span style=\"color: #003366;\">Les Conseill\u00e8res et conseillers prud&rsquo;hommes d\u00e9sign\u00e9(e)s par leur Union D\u00e9partementale et\/ou n\u2019ayant pas pu participer \u00e0 cette formation dans leur territoire.<\/span><\/h5>\n<hr \/>\n<h4><span style=\"color: #003366;\">Les objectifs de formation <\/span><\/h4>\n<h5><span style=\"color: #003366;\">\u00c0 l\u2019issue de cette session, les stagiaires seront capables d\u2019utiliser des outils juridiques et notre d\u00e9marche CGT pour leur mandat de Conseiller Prud\u2019homme.<\/span><\/h5>\n<p><a href=\"https:\/\/formationsyndicale.cgt.fr\/wp-content\/uploads\/2024\/11\/2025-006-FD-SESSION-1-Prise-de-mandat.docx\">2025 006 FD SESSION 1 Prise de mandat<\/a><\/p>\n<p><a href=\"https:\/\/formationsyndicale.cgt.fr\/wp-content\/uploads\/2024\/11\/2025-006-FC-SESSION-1.doc\">2025 006 FC SESSION 1<\/a><\/p>\n","protected":false},"excerpt":{"rendered":"<p>Public Les Conseill\u00e8res et conseillers prud&rsquo;hommes d\u00e9sign\u00e9(e)s par leur Union D\u00e9partementale et\/ou n\u2019ayant pas pu participer \u00e0 cette formation dans leur territoire. Les objectifs de formation \u00c0 l\u2019issue de cette&hellip;&nbsp;<a href=\"https:\/\/formationsyndicale.cgt.fr\/?tribe_events=n-nat-006-2025-session-1-prise-de-mandat\" rel=\"bookmark\"><span class=\"screen-reader-text\">N\u00b0 NAT-006\/2025 &#8211; Session 1 &#8211; Prise de mandat<\/span><\/a><\/p>\n","protected":false},"author":3,"featured_media":0,"template":"","meta":{"neve_meta_sidebar":"","neve_meta_container":"","neve_meta_enable_content_width":"","neve_meta_content_width":0,"neve_meta_title_alignment":"","neve_meta_author_avatar":"","neve_post_elements_order":"","neve_meta_disable_header":"","neve_meta_disable_footer":"","neve_meta_disable_title":"","_tribe_events_status":"","_tribe_events_status_reason":"","footnotes":""},"tags":[],"tribe_events_cat":[39],"class_list":["post-316","tribe_events","type-tribe_events","status-publish","hentry","tribe_events_cat-outiller-mandat","cat_outiller-mandat"],"_links":{"self":[{"href":"https:\/\/formationsyndicale.cgt.fr\/index.php?rest_route=\/wp\/v2\/tribe_events\/316","targetHints":{"allow":["GET"]}}],"collection":[{"href":"https:\/\/formationsyndicale.cgt.fr\/index.php?rest_route=\/wp\/v2\/tribe_events"}],"about":[{"href":"https:\/\/formationsyndicale.cgt.fr\/index.php?rest_route=\/wp\/v2\/types\/tribe_events"}],"author":[{"embeddable":true,"href":"https:\/\/formationsyndicale.cgt.fr\/index.php?rest_route=\/wp\/v2\/users\/3"}],"version-history":[{"count":2,"href":"https:\/\/formationsyndicale.cgt.fr\/index.php?rest_route=\/wp\/v2\/tribe_events\/316\/revisions"}],"predecessor-version":[{"id":353,"href":"https:\/\/formationsyndicale.cgt.fr\/index.php?rest_route=\/wp\/v2\/tribe_events\/316\/revisions\/353"}],"wp:attachment":[{"href":"https:\/\/formationsyndicale.cgt.fr\/index.php?rest_route=%2Fwp%2Fv2%2Fmedia&parent=316"}],"wp:term":[{"taxonomy":"post_tag","embeddable":true,"href":"https:\/\/formationsyndicale.cgt.fr\/index.php?rest_route=%2Fwp%2Fv2%2Ftags&post=316"},{"taxonomy":"tribe_events_cat","embeddable":true,"href":"https:\/\/formationsyndicale.cgt.fr\/index.php?rest_route=%2Fwp%2Fv2%2Ftribe_events_cat&post=316"}],"curies":[{"name":"wp","href":"https:\/\/api.w.org\/{rel}","templated":true}]}}

<h4><span style="color: #003366;">Public</span></h4>
<h5><span style="color: #003366;">Les Conseillères et conseillers prud&rsquo;hommes désigné(e)s par leur Union Départementale et/ou n’ayant pas pu participer à cette formation dans leur territoire.</span></h5>
<hr />
<h4><span style="color: #003366;">Les objectifs de formation </span></h4>
<h5><span style="color: #003366;">À l’issue de cette session, les stagiaires seront capables d’utiliser des outils juridiques et notre démarche CGT pour leur mandat de Conseiller Prud’homme.</span></h5>
<p><a href="https://formationsyndicale.cgt.fr/wp-content/uploads/2024/11/2025-006-FD-SESSION-1-Prise-de-mandat.docx">2025 006 FD SESSION 1 Prise de mandat</a></p>
<p><a href="https://formationsyndicale.cgt.fr/wp-content/uploads/2024/11/2025-006-FC-SESSION-1.doc">2025 006 FC SESSION 1</a></p>

<p>Public Les Conseillères et conseillers prud&rsquo;hommes désigné(e)s par leur Union Départementale et/ou n’ayant pas pu participer à cette formation dans leur territoire. Les objectifs de formation À l’issue de cette&hellip;&nbsp;<a href="https://formationsyndicale.cgt.fr/?tribe_events=n-nat-006-2025-session-1-prise-de-mandat" rel="bookmark"><span class="screen-reader-text">N° NAT-006/2025 &#8211; Session 1 &#8211; Prise de mandat</span></a></p>
