{"id":264,"date":"2024-10-30T12:11:38","date_gmt":"2024-10-30T11:11:38","guid":{"rendered":"https:\/\/cbf.cgt.fr\/formsynd\/?post_type=tribe_events&#038;p=264"},"modified":"2024-12-11T10:47:22","modified_gmt":"2024-12-11T09:47:22","slug":"n-0269-2025-professions-techniciennes-et-intermediaires","status":"publish","type":"tribe_events","link":"https:\/\/formationsyndicale.cgt.fr\/?tribe_events=n-0269-2025-professions-techniciennes-et-intermediaires","title":{"rendered":"N\u00b0 0269\/2025 &#8211; Professions techniciennes et interm\u00e9diaires"},"content":{"rendered":"<h4><span style=\"color: #003366;\">Public vis\u00e9<\/span><\/h4>\n<h5><span style=\"color: #003366;\">Elle s\u2019adresse, aux responsables d\u2019union f\u00e9d\u00e9rale, de f\u00e9d\u00e9rations, de commission d\u00e9partementale, aux militant\u00b7e\u00b7s de syndicats qui souhaitent d\u00e9velopper une activit\u00e9 revendicative vers les salari\u00e9\u00b7e\u00b7s des professions techniciennes.<\/span><\/h5>\n<hr \/>\n<h4><span style=\"color: #003366;\">Objectif de la formation<\/span><\/h4>\n<h5><span style=\"color: #003366;\">\u2013 Conna\u00eetre la sociologie du groupe h\u00e9t\u00e9rog\u00e8ne des professions techniciennes afin de rep\u00e9rer les points de convergence des 6 millions de salari\u00e9\u00b7e\u00b7s qualifi\u00e9\u00b7e\u00b7s qui le compose.<\/span><br \/>\n<span style=\"color: #003366;\">\u2013 Conna\u00eetre l\u2019\u00e9volution des qualifications depuis les trente derni\u00e8res ann\u00e9es pour en exiger la reconnaissance.<\/span><br \/>\n<span style=\"color: #003366;\">\u2013 Conna\u00eetre la pr\u00e9sence et la repr\u00e9sentativit\u00e9 de la CGT dans le deuxi\u00e8me coll\u00e8ge et dans la cat\u00e9gorie B des trois fonctions publiques pour mesurer l\u2019enjeu que repr\u00e9sente cette cat\u00e9gorie.<\/span><br \/>\n<span style=\"color: #003366;\">\u2013 Analyser collectivement le bien fond\u00e9 de cr\u00e9er un statut sp\u00e9cifique des technicien\u00b7nes reconnu dans le code du travail, les conventions collectives, les statuts de la fonction publique.<\/span><\/h5>\n","protected":false},"excerpt":{"rendered":"<p>Public vis\u00e9 Elle s\u2019adresse, aux responsables d\u2019union f\u00e9d\u00e9rale, de f\u00e9d\u00e9rations, de commission d\u00e9partementale, aux militant\u00b7e\u00b7s de syndicats qui souhaitent d\u00e9velopper une activit\u00e9 revendicative vers les salari\u00e9\u00b7e\u00b7s des professions techniciennes. Objectif&hellip;&nbsp;<a href=\"https:\/\/formationsyndicale.cgt.fr\/?tribe_events=n-0269-2025-professions-techniciennes-et-intermediaires\" rel=\"bookmark\"><span class=\"screen-reader-text\">N\u00b0 0269\/2025 &#8211; Professions techniciennes et interm\u00e9diaires<\/span><\/a><\/p>\n","protected":false},"author":3,"featured_media":0,"template":"","meta":{"neve_meta_sidebar":"","neve_meta_container":"","neve_meta_enable_content_width":"","neve_meta_content_width":0,"neve_meta_title_alignment":"","neve_meta_author_avatar":"","neve_post_elements_order":"","neve_meta_disable_header":"","neve_meta_disable_footer":"","neve_meta_disable_title":"","_tribe_events_status":"","_tribe_events_status_reason":"","footnotes":""},"tags":[],"tribe_events_cat":[38],"class_list":["post-264","tribe_events","type-tribe_events","status-publish","hentry","tribe_events_cat-etre-acteur","cat_etre-acteur"],"_links":{"self":[{"href":"https:\/\/formationsyndicale.cgt.fr\/index.php?rest_route=\/wp\/v2\/tribe_events\/264","targetHints":{"allow":["GET"]}}],"collection":[{"href":"https:\/\/formationsyndicale.cgt.fr\/index.php?rest_route=\/wp\/v2\/tribe_events"}],"about":[{"href":"https:\/\/formationsyndicale.cgt.fr\/index.php?rest_route=\/wp\/v2\/types\/tribe_events"}],"author":[{"embeddable":true,"href":"https:\/\/formationsyndicale.cgt.fr\/index.php?rest_route=\/wp\/v2\/users\/3"}],"version-history":[{"count":4,"href":"https:\/\/formationsyndicale.cgt.fr\/index.php?rest_route=\/wp\/v2\/tribe_events\/264\/revisions"}],"predecessor-version":[{"id":328,"href":"https:\/\/formationsyndicale.cgt.fr\/index.php?rest_route=\/wp\/v2\/tribe_events\/264\/revisions\/328"}],"wp:attachment":[{"href":"https:\/\/formationsyndicale.cgt.fr\/index.php?rest_route=%2Fwp%2Fv2%2Fmedia&parent=264"}],"wp:term":[{"taxonomy":"post_tag","embeddable":true,"href":"https:\/\/formationsyndicale.cgt.fr\/index.php?rest_route=%2Fwp%2Fv2%2Ftags&post=264"},{"taxonomy":"tribe_events_cat","embeddable":true,"href":"https:\/\/formationsyndicale.cgt.fr\/index.php?rest_route=%2Fwp%2Fv2%2Ftribe_events_cat&post=264"}],"curies":[{"name":"wp","href":"https:\/\/api.w.org\/{rel}","templated":true}]}}

N° 0269/2025 &#8211; Professions techniciennes et intermédiaires

<h4><span style="color: #003366;">Public visé</span></h4>
<h5><span style="color: #003366;">Elle s’adresse, aux responsables d’union fédérale, de fédérations, de commission départementale, aux militant·e·s de syndicats qui souhaitent développer une activité revendicative vers les salarié·e·s des professions techniciennes.</span></h5>
<hr />
<h4><span style="color: #003366;">Objectif de la formation</span></h4>
<h5><span style="color: #003366;">– Connaître la sociologie du groupe hétérogène des professions techniciennes afin de repérer les points de convergence des 6 millions de salarié·e·s qualifié·e·s qui le compose.</span><br />
<span style="color: #003366;">– Connaître l’évolution des qualifications depuis les trente dernières années pour en exiger la reconnaissance.</span><br />
<span style="color: #003366;">– Connaître la présence et la représentativité de la CGT dans le deuxième collège et dans la catégorie B des trois fonctions publiques pour mesurer l’enjeu que représente cette catégorie.</span><br />
<span style="color: #003366;">– Analyser collectivement le bien fondé de créer un statut spécifique des technicien·nes reconnu dans le code du travail, les conventions collectives, les statuts de la fonction publique.</span></h5>

<p>Public visé Elle s’adresse, aux responsables d’union fédérale, de fédérations, de commission départementale, aux militant·e·s de syndicats qui souhaitent développer une activité revendicative vers les salarié·e·s des professions techniciennes. Objectif&hellip;&nbsp;<a href="https://formationsyndicale.cgt.fr/?tribe_events=n-0269-2025-professions-techniciennes-et-intermediaires" rel="bookmark"><span class="screen-reader-text">N° 0269/2025 &#8211; Professions techniciennes et intermédiaires</span></a></p>
