{"id":238,"date":"2024-10-30T10:31:19","date_gmt":"2024-10-30T09:31:19","guid":{"rendered":"https:\/\/cbf.cgt.fr\/formsynd\/?post_type=tribe_events&#038;p=238"},"modified":"2024-11-15T12:29:33","modified_gmt":"2024-11-15T11:29:33","slug":"n-0239-2025-formation-formatrices-formateurs","status":"publish","type":"tribe_events","link":"https:\/\/formationsyndicale.cgt.fr\/?tribe_events=n-0239-2025-formation-formatrices-formateurs","title":{"rendered":"N\u00b0 0239\/2025 &#8211; Formation formatrices formateurs"},"content":{"rendered":"<h4><span style=\"color: #003366;\"><strong><u>Public<\/u><\/strong><strong><br \/>\n<\/strong><\/span><\/h4>\n<h5><span style=\"color: #003366;\">Les formateur.rice.s et futur.e.s formateur.rice.s syndicaux.ales, c\u2019est-\u00e0-dire les personnes susceptibles d\u2019intervenir et\/ou d\u2019animer des stages de formation syndicale.<\/span><\/h5>\n<hr \/>\n<h4><span style=\"color: #003366;\"><u>Les objectifs de formation<\/u> <\/span><\/h4>\n<h5><span style=\"color: #003366;\">Les stagiaires seront outill\u00e9.e.s pour animer une formation syndicale CGT d\u00e9j\u00e0 construite et y intervenir.<\/span><\/h5>\n<hr \/>\n<p><a href=\"https:\/\/formationsyndicale.cgt.fr\/wp-content\/uploads\/2024\/10\/FD-Formatrice-formateur-fev-2025.pdf\">FD Formatrice formateur f\u00e9v 2025<\/a><\/p>\n<p><a href=\"https:\/\/formationsyndicale.cgt.fr\/wp-content\/uploads\/2024\/10\/FC-Formatrice-formateur-fev-2025.docx\">FC &#8211; Formatrice formateur f\u00e9v 2025<\/a><\/p>\n","protected":false},"excerpt":{"rendered":"<p>Public Les formateur.rice.s et futur.e.s formateur.rice.s syndicaux.ales, c\u2019est-\u00e0-dire les personnes susceptibles d\u2019intervenir et\/ou d\u2019animer des stages de formation syndicale. Les objectifs de formation Les stagiaires seront outill\u00e9.e.s pour animer une&hellip;&nbsp;<a href=\"https:\/\/formationsyndicale.cgt.fr\/?tribe_events=n-0239-2025-formation-formatrices-formateurs\" rel=\"bookmark\"><span class=\"screen-reader-text\">N\u00b0 0239\/2025 &#8211; Formation formatrices formateurs<\/span><\/a><\/p>\n","protected":false},"author":3,"featured_media":0,"template":"","meta":{"neve_meta_sidebar":"","neve_meta_container":"","neve_meta_enable_content_width":"","neve_meta_content_width":0,"neve_meta_title_alignment":"","neve_meta_author_avatar":"","neve_post_elements_order":"","neve_meta_disable_header":"","neve_meta_disable_footer":"","neve_meta_disable_title":"","_tribe_events_status":"","_tribe_events_status_reason":"","footnotes":""},"tags":[],"tribe_events_cat":[40],"class_list":["post-238","tribe_events","type-tribe_events","status-publish","hentry","tribe_events_cat-outiller-responsabilite","cat_outiller-responsabilite"],"_links":{"self":[{"href":"https:\/\/formationsyndicale.cgt.fr\/index.php?rest_route=\/wp\/v2\/tribe_events\/238","targetHints":{"allow":["GET"]}}],"collection":[{"href":"https:\/\/formationsyndicale.cgt.fr\/index.php?rest_route=\/wp\/v2\/tribe_events"}],"about":[{"href":"https:\/\/formationsyndicale.cgt.fr\/index.php?rest_route=\/wp\/v2\/types\/tribe_events"}],"author":[{"embeddable":true,"href":"https:\/\/formationsyndicale.cgt.fr\/index.php?rest_route=\/wp\/v2\/users\/3"}],"version-history":[{"count":4,"href":"https:\/\/formationsyndicale.cgt.fr\/index.php?rest_route=\/wp\/v2\/tribe_events\/238\/revisions"}],"predecessor-version":[{"id":368,"href":"https:\/\/formationsyndicale.cgt.fr\/index.php?rest_route=\/wp\/v2\/tribe_events\/238\/revisions\/368"}],"wp:attachment":[{"href":"https:\/\/formationsyndicale.cgt.fr\/index.php?rest_route=%2Fwp%2Fv2%2Fmedia&parent=238"}],"wp:term":[{"taxonomy":"post_tag","embeddable":true,"href":"https:\/\/formationsyndicale.cgt.fr\/index.php?rest_route=%2Fwp%2Fv2%2Ftags&post=238"},{"taxonomy":"tribe_events_cat","embeddable":true,"href":"https:\/\/formationsyndicale.cgt.fr\/index.php?rest_route=%2Fwp%2Fv2%2Ftribe_events_cat&post=238"}],"curies":[{"name":"wp","href":"https:\/\/api.w.org\/{rel}","templated":true}]}}

<h4><span style="color: #003366;"><strong><u>Public</u></strong><strong><br />
</strong></span></h4>
<h5><span style="color: #003366;">Les formateur.rice.s et futur.e.s formateur.rice.s syndicaux.ales, c’est-à-dire les personnes susceptibles d’intervenir et/ou d’animer des stages de formation syndicale.</span></h5>
<hr />
<h4><span style="color: #003366;"><u>Les objectifs de formation</u> </span></h4>
<h5><span style="color: #003366;">Les stagiaires seront outillé.e.s pour animer une formation syndicale CGT déjà construite et y intervenir.</span></h5>
<hr />
<p><a href="https://formationsyndicale.cgt.fr/wp-content/uploads/2024/10/FD-Formatrice-formateur-fev-2025.pdf">FD Formatrice formateur fév 2025</a></p>
<p><a href="https://formationsyndicale.cgt.fr/wp-content/uploads/2024/10/FC-Formatrice-formateur-fev-2025.docx">FC &#8211; Formatrice formateur fév 2025</a></p>

<p>Public Les formateur.rice.s et futur.e.s formateur.rice.s syndicaux.ales, c’est-à-dire les personnes susceptibles d’intervenir et/ou d’animer des stages de formation syndicale. Les objectifs de formation Les stagiaires seront outillé.e.s pour animer une&hellip;&nbsp;<a href="https://formationsyndicale.cgt.fr/?tribe_events=n-0239-2025-formation-formatrices-formateurs" rel="bookmark"><span class="screen-reader-text">N° 0239/2025 &#8211; Formation formatrices formateurs</span></a></p>
