{"id":230,"date":"2024-10-24T15:52:49","date_gmt":"2024-10-24T13:52:49","guid":{"rendered":"https:\/\/cbf.cgt.fr\/formsynd\/?post_type=tribe_events&#038;p=230"},"modified":"2024-11-13T14:40:06","modified_gmt":"2024-11-13T13:40:06","slug":"n-003-2025-prudis-discrimination-1er-module","status":"publish","type":"tribe_events","link":"https:\/\/formationsyndicale.cgt.fr\/?tribe_events=n-003-2025-prudis-discrimination-1er-module","title":{"rendered":"N\u00b0 NAT-003\/2025 &#8211; Prudis &#8211; Discrimination \/ 1er module"},"content":{"rendered":"<h4><strong><span style=\"color: #003366;\">Contenu<\/span><\/strong><\/h4>\n<h5><span style=\"color: #003366;\">La notion de discrimination, les diff\u00e9rentes causes de discrimination. Les moyens de preuve, les sanctions. Les pouvoirs des conseiller.\u00e8re.s prud&rsquo;hommes.<\/span><\/h5>\n<hr \/>\n<h4><strong><span style=\"color: #003366;\">Public &#8211; Pr\u00e9-requis<\/span><\/strong><\/h4>\n<h5><span style=\"color: #003366;\">Les conseiller(e)s prud&rsquo;hommes ayant suivi le cursus de formation PRUDIS jusqu&rsquo;\u00e0 la session 3 module 2 inclus. Les stagiaires devront obligatoirement s&rsquo;inscrire au stage \u00ab\u00a0Harc\u00e8lement\u00a0\u00bb (Module 2) du N\u00b0021 du 22 au 26 septembre 2025.<\/span><\/h5>\n<hr \/>\n<p><a href=\"https:\/\/formationsyndicale.cgt.fr\/wp-content\/uploads\/2024\/10\/2025-003-FD-Discrimination-M1.docx\">2025 003 FD Discrimination M1<\/a><\/p>\n<p><a href=\"https:\/\/formationsyndicale.cgt.fr\/wp-content\/uploads\/2024\/10\/2025-003-FC-Discrimination-Module-1.doc\">2025 003 FC Discrimination Module 1<\/a><\/p>\n","protected":false},"excerpt":{"rendered":"<p>Contenu La notion de discrimination, les diff\u00e9rentes causes de discrimination. Les moyens de preuve, les sanctions. Les pouvoirs des conseiller.\u00e8re.s prud&rsquo;hommes. Public &#8211; Pr\u00e9-requis Les conseiller(e)s prud&rsquo;hommes ayant suivi le&hellip;&nbsp;<a href=\"https:\/\/formationsyndicale.cgt.fr\/?tribe_events=n-003-2025-prudis-discrimination-1er-module\" rel=\"bookmark\"><span class=\"screen-reader-text\">N\u00b0 NAT-003\/2025 &#8211; Prudis &#8211; Discrimination \/ 1er module<\/span><\/a><\/p>\n","protected":false},"author":3,"featured_media":0,"template":"","meta":{"neve_meta_sidebar":"","neve_meta_container":"","neve_meta_enable_content_width":"","neve_meta_content_width":0,"neve_meta_title_alignment":"","neve_meta_author_avatar":"","neve_post_elements_order":"","neve_meta_disable_header":"","neve_meta_disable_footer":"","neve_meta_disable_title":"","_tribe_events_status":"","_tribe_events_status_reason":"","footnotes":""},"tags":[],"tribe_events_cat":[39],"class_list":["post-230","tribe_events","type-tribe_events","status-publish","hentry","tribe_events_cat-outiller-mandat","cat_outiller-mandat"],"_links":{"self":[{"href":"https:\/\/formationsyndicale.cgt.fr\/index.php?rest_route=\/wp\/v2\/tribe_events\/230","targetHints":{"allow":["GET"]}}],"collection":[{"href":"https:\/\/formationsyndicale.cgt.fr\/index.php?rest_route=\/wp\/v2\/tribe_events"}],"about":[{"href":"https:\/\/formationsyndicale.cgt.fr\/index.php?rest_route=\/wp\/v2\/types\/tribe_events"}],"author":[{"embeddable":true,"href":"https:\/\/formationsyndicale.cgt.fr\/index.php?rest_route=\/wp\/v2\/users\/3"}],"version-history":[{"count":4,"href":"https:\/\/formationsyndicale.cgt.fr\/index.php?rest_route=\/wp\/v2\/tribe_events\/230\/revisions"}],"predecessor-version":[{"id":304,"href":"https:\/\/formationsyndicale.cgt.fr\/index.php?rest_route=\/wp\/v2\/tribe_events\/230\/revisions\/304"}],"wp:attachment":[{"href":"https:\/\/formationsyndicale.cgt.fr\/index.php?rest_route=%2Fwp%2Fv2%2Fmedia&parent=230"}],"wp:term":[{"taxonomy":"post_tag","embeddable":true,"href":"https:\/\/formationsyndicale.cgt.fr\/index.php?rest_route=%2Fwp%2Fv2%2Ftags&post=230"},{"taxonomy":"tribe_events_cat","embeddable":true,"href":"https:\/\/formationsyndicale.cgt.fr\/index.php?rest_route=%2Fwp%2Fv2%2Ftribe_events_cat&post=230"}],"curies":[{"name":"wp","href":"https:\/\/api.w.org\/{rel}","templated":true}]}}

<h4><strong><span style="color: #003366;">Contenu</span></strong></h4>
<h5><span style="color: #003366;">La notion de discrimination, les différentes causes de discrimination. Les moyens de preuve, les sanctions. Les pouvoirs des conseiller.ère.s prud&rsquo;hommes.</span></h5>
<hr />
<h4><strong><span style="color: #003366;">Public &#8211; Pré-requis</span></strong></h4>
<h5><span style="color: #003366;">Les conseiller(e)s prud&rsquo;hommes ayant suivi le cursus de formation PRUDIS jusqu&rsquo;à la session 3 module 2 inclus. Les stagiaires devront obligatoirement s&rsquo;inscrire au stage « Harcèlement » (Module 2) du N°021 du 22 au 26 septembre 2025.</span></h5>
<hr />
<p><a href="https://formationsyndicale.cgt.fr/wp-content/uploads/2024/10/2025-003-FD-Discrimination-M1.docx">2025 003 FD Discrimination M1</a></p>
<p><a href="https://formationsyndicale.cgt.fr/wp-content/uploads/2024/10/2025-003-FC-Discrimination-Module-1.doc">2025 003 FC Discrimination Module 1</a></p>

<p>Contenu La notion de discrimination, les différentes causes de discrimination. Les moyens de preuve, les sanctions. Les pouvoirs des conseiller.ère.s prud&rsquo;hommes. Public &#8211; Pré-requis Les conseiller(e)s prud&rsquo;hommes ayant suivi le&hellip;&nbsp;<a href="https://formationsyndicale.cgt.fr/?tribe_events=n-003-2025-prudis-discrimination-1er-module" rel="bookmark"><span class="screen-reader-text">N° NAT-003/2025 &#8211; Prudis &#8211; Discrimination / 1er module</span></a></p>
