{"id":223,"date":"2024-10-24T15:28:20","date_gmt":"2024-10-24T13:28:20","guid":{"rendered":"https:\/\/cbf.cgt.fr\/formsynd\/?post_type=tribe_events&#038;p=223"},"modified":"2024-11-13T14:40:54","modified_gmt":"2024-11-13T13:40:54","slug":"n-002-2025-prudis-presentation-les-incidents-de-procedure","status":"publish","type":"tribe_events","link":"https:\/\/formationsyndicale.cgt.fr\/?tribe_events=n-002-2025-prudis-presentation-les-incidents-de-procedure","title":{"rendered":"N\u00b0 NAT-002\/2025 &#8211; Prudis \/ Pr\u00e9sentation \u00ab\u00a0Les incidents de proc\u00e9dure\u00a0\u00bb"},"content":{"rendered":"<h4><span style=\"color: #003366;\"><strong>Contenu<\/strong><\/span><\/h4>\n<h5><span style=\"color: #003366;\">Pr\u00e9sentation et explication de l&rsquo;objectif et du d\u00e9coupage de la semaine. Pr\u00e9sentation du s\u00e9quen\u00e7age p\u00e9dagogique et des activit\u00e9s stagiaires. Rappels sur les savoirs indispensables et sur la p\u00e9dagogie active pour l&rsquo;animation et l&rsquo;intervention dans les formations CGT.<\/span><\/h5>\n<hr \/>\n<h4><strong><span style=\"color: #003366;\">Public &#8211; Pr\u00e9-requis<\/span><\/strong><\/h4>\n<h5><span style=\"color: #003366;\">Les formateur.rice.s qui seront amen\u00e9.e.s \u00e0 animer et \u00e0 intervenir dans les sessions de formation sur ce th\u00e8me en territoire. Elles et ils devront avoir suivi le cursus prudis jusqu&rsquo;\u00e0 la session 3 module 2 inclus, les formations La Preuve et de formateur.rice.s.<\/span><\/h5>\n<hr \/>\n<h4><a href=\"https:\/\/formationsyndicale.cgt.fr\/wp-content\/uploads\/2024\/10\/2025-002-FD-Presentation-Incidents-Procedures.docx\">2025 002 FD Presentation Incidents Proc\u00e9dures<\/a><\/h4>\n<h4><a href=\"https:\/\/formationsyndicale.cgt.fr\/wp-content\/uploads\/2024\/10\/2025-002-FC-Presentation-incidents-procedures.doc\">2025 002 FC Presentation incidents procedures<\/a><\/h4>\n","protected":false},"excerpt":{"rendered":"<p>Contenu Pr\u00e9sentation et explication de l&rsquo;objectif et du d\u00e9coupage de la semaine. Pr\u00e9sentation du s\u00e9quen\u00e7age p\u00e9dagogique et des activit\u00e9s stagiaires. Rappels sur les savoirs indispensables et sur la p\u00e9dagogie active&hellip;&nbsp;<a href=\"https:\/\/formationsyndicale.cgt.fr\/?tribe_events=n-002-2025-prudis-presentation-les-incidents-de-procedure\" rel=\"bookmark\"><span class=\"screen-reader-text\">N\u00b0 NAT-002\/2025 &#8211; Prudis \/ Pr\u00e9sentation \u00ab\u00a0Les incidents de proc\u00e9dure\u00a0\u00bb<\/span><\/a><\/p>\n","protected":false},"author":3,"featured_media":0,"template":"","meta":{"neve_meta_sidebar":"","neve_meta_container":"","neve_meta_enable_content_width":"","neve_meta_content_width":0,"neve_meta_title_alignment":"","neve_meta_author_avatar":"","neve_post_elements_order":"","neve_meta_disable_header":"","neve_meta_disable_footer":"","neve_meta_disable_title":"","_tribe_events_status":"","_tribe_events_status_reason":"","footnotes":""},"tags":[],"tribe_events_cat":[39],"class_list":["post-223","tribe_events","type-tribe_events","status-publish","hentry","tribe_events_cat-outiller-mandat","cat_outiller-mandat"],"_links":{"self":[{"href":"https:\/\/formationsyndicale.cgt.fr\/index.php?rest_route=\/wp\/v2\/tribe_events\/223","targetHints":{"allow":["GET"]}}],"collection":[{"href":"https:\/\/formationsyndicale.cgt.fr\/index.php?rest_route=\/wp\/v2\/tribe_events"}],"about":[{"href":"https:\/\/formationsyndicale.cgt.fr\/index.php?rest_route=\/wp\/v2\/types\/tribe_events"}],"author":[{"embeddable":true,"href":"https:\/\/formationsyndicale.cgt.fr\/index.php?rest_route=\/wp\/v2\/users\/3"}],"version-history":[{"count":5,"href":"https:\/\/formationsyndicale.cgt.fr\/index.php?rest_route=\/wp\/v2\/tribe_events\/223\/revisions"}],"predecessor-version":[{"id":305,"href":"https:\/\/formationsyndicale.cgt.fr\/index.php?rest_route=\/wp\/v2\/tribe_events\/223\/revisions\/305"}],"wp:attachment":[{"href":"https:\/\/formationsyndicale.cgt.fr\/index.php?rest_route=%2Fwp%2Fv2%2Fmedia&parent=223"}],"wp:term":[{"taxonomy":"post_tag","embeddable":true,"href":"https:\/\/formationsyndicale.cgt.fr\/index.php?rest_route=%2Fwp%2Fv2%2Ftags&post=223"},{"taxonomy":"tribe_events_cat","embeddable":true,"href":"https:\/\/formationsyndicale.cgt.fr\/index.php?rest_route=%2Fwp%2Fv2%2Ftribe_events_cat&post=223"}],"curies":[{"name":"wp","href":"https:\/\/api.w.org\/{rel}","templated":true}]}}

N° NAT-002/2025 &#8211; Prudis / Présentation « Les incidents de procédure »

<h4><span style="color: #003366;"><strong>Contenu</strong></span></h4>
<h5><span style="color: #003366;">Présentation et explication de l&rsquo;objectif et du découpage de la semaine. Présentation du séquençage pédagogique et des activités stagiaires. Rappels sur les savoirs indispensables et sur la pédagogie active pour l&rsquo;animation et l&rsquo;intervention dans les formations CGT.</span></h5>
<hr />
<h4><strong><span style="color: #003366;">Public &#8211; Pré-requis</span></strong></h4>
<h5><span style="color: #003366;">Les formateur.rice.s qui seront amené.e.s à animer et à intervenir dans les sessions de formation sur ce thème en territoire. Elles et ils devront avoir suivi le cursus prudis jusqu&rsquo;à la session 3 module 2 inclus, les formations La Preuve et de formateur.rice.s.</span></h5>
<hr />
<h4><a href="https://formationsyndicale.cgt.fr/wp-content/uploads/2024/10/2025-002-FD-Presentation-Incidents-Procedures.docx">2025 002 FD Presentation Incidents Procédures</a></h4>
<h4><a href="https://formationsyndicale.cgt.fr/wp-content/uploads/2024/10/2025-002-FC-Presentation-incidents-procedures.doc">2025 002 FC Presentation incidents procedures</a></h4>

<p>Contenu Présentation et explication de l&rsquo;objectif et du découpage de la semaine. Présentation du séquençage pédagogique et des activités stagiaires. Rappels sur les savoirs indispensables et sur la pédagogie active&hellip;&nbsp;<a href="https://formationsyndicale.cgt.fr/?tribe_events=n-002-2025-prudis-presentation-les-incidents-de-procedure" rel="bookmark"><span class="screen-reader-text">N° NAT-002/2025 &#8211; Prudis / Présentation « Les incidents de procédure »</span></a></p>
